{"id":3303,"date":"2026-04-16T15:06:42","date_gmt":"2026-04-16T15:06:42","guid":{"rendered":"https:\/\/www.netzwerkdemenz-landkreisneunkirchen.de\/?page_id=3303"},"modified":"2026-04-16T15:06:42","modified_gmt":"2026-04-16T15:06:42","slug":"2025-meldungen","status":"publish","type":"page","link":"https:\/\/www.netzwerkdemenz-landkreisneunkirchen.de\/?page_id=3303","title":{"rendered":"2025 Meldungen"},"content":{"rendered":"\n    \n    <section class=\"u-clearfix u-custom-color-149 u-section-2\" id=\"block-3\">\n      <div class=\"u-clearfix u-sheet u-valign-middle u-sheet-1\">\n        <h2 class=\"u-align-left u-text u-text-default u-text-1\"> Unsere Nachrichten aus dem Jahr 2025<\/h2>\n      <\/div>\n    <\/section>\n    <section class=\"u-align-left u-clearfix u-container-align-left u-lightbox u-white u-section-3\" id=\"block-6\">\n      <div class=\"u-clearfix u-sheet u-valign-middle-sm u-valign-middle-xs u-sheet-1\">\n        <img decoding=\"async\" class=\"u-border-3 u-border-custom-color-104 u-image u-image-contain u-image-round u-radius u-image-1\" src=\"https:\/\/www.netzwerkdemenz-landkreisneunkirchen.de\/wp-content\/uploads\/2025\/09\/20250902_172053-scaled.jpg\" alt=\"\" data-image-width=\"2560\" data-image-height=\"1182\">\n        <h2 class=\"u-align-left u-text u-text-1\"> Fit und vital \u2013 Informationsabend Demenzpr\u00e4vention<\/h2>\n        <p class=\"u-align-left u-text u-text-2\"> Der 03. September 2025 stand ganz im Zeichen der Demenzpr\u00e4vention. Das NetzwerkDemenz im Landkreis Neunkirchen, der Landkreis Neunkirchen und \u00bbDas Saarland lebt gesund!\u00ab luden zum Informationsabend \u201eFit und vital \u00e4lter werden \u2013 stark im Alltag: Demenzpr\u00e4vention und Selbstf\u00fcrsorge\u201c nach Neunkirchen. Die Veranstaltung stie\u00df auf gro\u00dfes Interesse, circa 100 Teilnehmende f\u00fcllten den gro\u00dfen Sitzungssaal des Landratsamtes.&nbsp;<br>\n          <br>Anschauliche Informationen pr\u00e4sentierten Prof. Dr. Tobias Hartman von der Universit\u00e4t des Saarlandes, die Ergotherapeutin Mareike Dachs und Resilienztrainerin Tanja Wehrmeier. Erg\u00e4nzt wurde das Angebot durch mehrere Infost\u00e4nde, darunter der Pflegest\u00fctzpunkt Neunkirchen, die Leitstelle \"\u00c4lter werden\" im Landkreis Neunkirchen und Petras Tanztraum.&nbsp;<br>\n          <br>Wir danken allen Beteiligten f\u00fcr diese tolle Veranstaltung, welche die Bedeutsamkeit dieses Themenkomplexes eindr\u00fccklich veranschaulicht.&nbsp;\n        <\/p>\n        <img decoding=\"async\" class=\"u-border-3 u-border-custom-color-104 u-image u-image-contain u-image-round u-radius u-image-2\" src=\"https:\/\/www.netzwerkdemenz-landkreisneunkirchen.de\/wp-content\/uploads\/2025\/09\/20250902_182506-scaled.jpg\" alt=\"\" data-image-width=\"2560\" data-image-height=\"1182\">\n        <a href=\"https:\/\/www.netzwerkdemenz-landkreisneunkirchen.de\/#meldungen\" class=\"u-border-2 u-border-custom-color-87 u-border-hover-custom-color-87 u-btn u-btn-round u-button-style u-custom-color-87 u-hover-white u-radius u-text-hover-custom-color-87 u-btn-1\">Z<span style=\"font-weight: 700;\"><\/span>ur\u00fcck\n        <\/a>\n      <\/div>\n    <\/section>\n    <section class=\"u-align-left u-clearfix u-container-align-left u-lightbox u-white u-section-4\" id=\"block-5\">\n      <div class=\"u-clearfix u-sheet u-valign-middle-sm u-valign-middle-xs u-sheet-1\">\n        <img decoding=\"async\" class=\"u-border-3 u-border-custom-color-104 u-image u-image-contain u-image-round u-radius u-image-1\" src=\"https:\/\/www.netzwerkdemenz-landkreisneunkirchen.de\/wp-content\/uploads\/2025\/06\/csm_Demenztasche_Lichte_Momente_69dda5f221.jpg\" alt=\"\" data-image-width=\"576\" data-image-height=\"384\">\n        <h2 class=\"u-align-left u-text u-text-1\"> 05. Juni 2025<br> Demenztasche \"Lichte Momente\"<br>NetzwerkDemenz und DSLG stellen neue Informations-Tasche vor\n        <\/h2>\n        <p class=\"u-align-left u-text u-text-2\"> \u201eWissen \u00fcber eine Erkrankung ist der erste Schritt zur besseren Bew\u00e4ltigung\u201c, wei\u00df Anja Stuppi, Landkreisleitung bei \u00bbDas Saarland lebt gesund!\u00ab. \u201eUmfassende Informationsmaterialien sollen sowohl Erkrankten als auch Angeh\u00f6rigen von Demenzkranken das n\u00f6tige R\u00fcstzeug an die Hand geben, um informierte Entscheidungen treffen zu k\u00f6nnen und sich in dieser Situation nicht alleine zu f\u00fchlen.\u201c Das NetzwerkDemenz im Landkreis Neunkirchen und \u00bbDas Saarland lebt gesund!\u00ab haben gemeinsam die Demenztasche \u201eLichte Momente\u201c entwickelt. Diese Tasche enth\u00e4lt hilfreiche Informationsmaterialien und richtet sich gezielt an Angeh\u00f6rige von Menschen mit Demenz, um ihnen Unterst\u00fctzung und Orientierung zu bieten. \u201eDie Taschen beinhalten zum Beispiel unseren \"Demenzwegweiser f\u00fcr den Landkreis Neunkirchen\" und die Brosch\u00fcren \"Was kann ich tun\" bzw. \"Demenz - Das Wichtigste\" der Alzheimer Gesellschaft, stellt die 1. Vorsitzende des Demenzvereins, Birgit Mohns-Welsch, die Tasche vor.\u201c&nbsp;<br>\n          <br>Landrat S\u00f6ren Meng begr\u00fc\u00dft diese Initiative: \u201eDemenz ist ein Thema, das viele Familien betrifft und oft mit Unsicherheit und \u00dcberforderung einhergeht. Ich danke allen Beteiligten herzlich f\u00fcr ihr Engagement und die gelungene Kooperation. Die Demenztasche ist ein wunderbares Beispiel daf\u00fcr, wie Betroffenen und ihren Familien konkret geholfen und das Leben im Landkreis menschlicher gestaltet werden kann.\u201c&nbsp;<br>\n          <br>Die Taschen sind kostenlos unter anderem beim NetzwerkDemenz im Landkreis Neunkirchen, Pauluseck 5 in 66564 Ottweiler, zu erhalten.&nbsp;\n        <\/p>\n        <a href=\"https:\/\/www.netzwerkdemenz-landkreisneunkirchen.de\/#meldungen\" class=\"u-border-2 u-border-custom-color-87 u-border-hover-custom-color-87 u-btn u-btn-round u-button-style u-custom-color-87 u-hover-white u-radius u-text-hover-custom-color-87 u-btn-1\">Z<span style=\"font-weight: 700;\"><\/span>ur\u00fcck\n        <\/a>\n      <\/div>\n    <\/section>\n    <section class=\"u-align-left u-clearfix u-container-align-left u-lightbox u-white u-section-5\" id=\"block-4\">\n      <div class=\"u-clearfix u-sheet u-valign-middle-sm u-valign-middle-xs u-sheet-1\">\n        <h2 class=\"u-align-left u-text u-text-1\"> 28. M\u00e4rz 2025<br> Siebte gemeinsame Pflanzaktion \u201eVergiss-mein-nicht\u201c\n        <\/h2>\n        <p class=\"u-align-left u-text u-text-2\">Gemeinsam mit der Landesfachstelle f\u00fcr Demenz, den \u201eLokalen Allianzen f\u00fcr Menschen mit Demenz\u201c in den Kommunen, den Landkreisen sowie dem Regionalverband wurden in den letzten Tagen landesweit bereits zum siebten Mal blaue Vergissmeinnicht-Blumen an \u00f6ffentlichen Pl\u00e4tzen gepflanzt. An der diesj\u00e4hrigen Pflanzaktion hat sich auch die Gemeinde Illingen zum ersten Mal beteiligt um damit ein sichtbares Zeichen gegen das Vergessen zu setzen.<br>Nach Angaben des Sozialministeriums leiden im Saarland derzeit rund 22 850 Menschen an einer Demenz mit steigender Tendenz. Fast jeder 10. Mensch \u00fcber 65 Jahre ist im Saarland in irgendeiner Form von dieser Erkrankung betroffen. Betroffen sind jedoch nicht nur die Erkrankten selbst, sondern auch deren Angeh\u00f6rige, die sich um sie k\u00fcmmern sowie das gesamte Umfeld. Mit der Teilnahme an der Pflanzaktion unterst\u00fctzt die Gemeinde Illingen die Sensibilisierungskampagne des Sozialministeriums. Damit soll mehr Bewusstsein in der Gesellschaft f\u00fcr die gesamte Problematik Demenz geschaffen werden.&nbsp;<br>\n          <br>\u00dcber 7.000 Vergissmeinnicht-Pflanzen wurden in diesem Jahr \u00fcber die Landesfachstelle Demenz in Saarlouis ausgegeben. In einer gemeinsamen Pflanzaktion mit dem Leiter der Landesfachstelle Demenz, Andreas Sauder, B\u00fcrgermeister Andreas H\u00fcbgen, der Vorsitzenden des Seniorenbeirates und kommunale Behindertenbeauftragte Helma Wagner sowie Elke Schleppi vom Fachbereich 4 der Gemeinde, konnten wir so 120 Vergiss-mein-nicht Pflanzen in das bestens von unseren G\u00e4rtnern vorbereitete Beet am Rathaus Illingen bei strahlendem Sonnenschein einpflanzen. B\u00fcrgermeister Andreas H\u00fcbgen war es wichtig, damit ein sichtbares Zeichen gegen das Vergessen in seiner Gemeinde zu setzen und das Bewusstsein in der Gesellschaft zu st\u00e4rken.\nWeitergehende Informationen zum Themenfeld Demenz finden Sie unter:&nbsp;<br>\n          <br>Demenzverein im Landkreis Neunkirchen:<br>Die Gesch\u00e4ftsstelle des Demenzvereins befindet sich in der Pauluseck 5 in 66564 Ottweiler. <br>Telefon: 06824 204 9760<br>Email: info@netzwerkdemenz-landkreisneunkirchen.de<br>Internetseite: www.netzwerkdemenz-landkreisneunkirchen.de&nbsp;<br>\n          <br>Landesfachstelle Demenz Saarland:<br>Ludwigstra\u00dfe 5, 66740 Saarlouis<br>Tel.: 06831\/ 4 88 18 0<br>Email: landesfachstelle@demenz-saarland.de<br>Internetseite: www.demenz-saarland.de&nbsp;\n        <\/p>\n        <a href=\"https:\/\/www.netzwerkdemenz-landkreisneunkirchen.de\/#meldungen\" class=\"u-border-2 u-border-custom-color-87 u-border-hover-custom-color-87 u-btn u-btn-round u-button-style u-custom-color-87 u-hover-white u-radius u-text-hover-custom-color-87 u-btn-1\">Z<span style=\"font-weight: 700;\"><\/span>ur\u00fcck\n        <\/a>\n      <\/div>\n    <\/section>\n    \n    \n    \n    \n  \n","protected":false},"excerpt":{"rendered":"<p>Unsere Nachrichten aus dem Jahr 2025 Fit und vital \u2013 Informationsabend Demenzpr\u00e4vention Der 03. September 2025 stand ganz im Zeichen der Demenzpr\u00e4vention. Das NetzwerkDemenz im Landkreis Neunkirchen, der Landkreis Neunkirchen &hellip; <a href=\"https:\/\/www.netzwerkdemenz-landkreisneunkirchen.de\/?page_id=3303\" class=\"more-link\">Continue reading<span class=\"screen-reader-text\"> &#8222;2025 Meldungen&#8220;<\/span><\/a><\/p>\n","protected":false},"author":1,"featured_media":0,"parent":0,"menu_order":0,"comment_status":"closed","ping_status":"closed","template":"","meta":{"footnotes":""},"class_list":["post-3303","page","type-page","status-publish","hentry"],"_links":{"self":[{"href":"https:\/\/www.netzwerkdemenz-landkreisneunkirchen.de\/index.php?rest_route=\/wp\/v2\/pages\/3303","targetHints":{"allow":["GET"]}}],"collection":[{"href":"https:\/\/www.netzwerkdemenz-landkreisneunkirchen.de\/index.php?rest_route=\/wp\/v2\/pages"}],"about":[{"href":"https:\/\/www.netzwerkdemenz-landkreisneunkirchen.de\/index.php?rest_route=\/wp\/v2\/types\/page"}],"author":[{"embeddable":true,"href":"https:\/\/www.netzwerkdemenz-landkreisneunkirchen.de\/index.php?rest_route=\/wp\/v2\/users\/1"}],"replies":[{"embeddable":true,"href":"https:\/\/www.netzwerkdemenz-landkreisneunkirchen.de\/index.php?rest_route=%2Fwp%2Fv2%2Fcomments&post=3303"}],"version-history":[{"count":3,"href":"https:\/\/www.netzwerkdemenz-landkreisneunkirchen.de\/index.php?rest_route=\/wp\/v2\/pages\/3303\/revisions"}],"predecessor-version":[{"id":3313,"href":"https:\/\/www.netzwerkdemenz-landkreisneunkirchen.de\/index.php?rest_route=\/wp\/v2\/pages\/3303\/revisions\/3313"}],"wp:attachment":[{"href":"https:\/\/www.netzwerkdemenz-landkreisneunkirchen.de\/index.php?rest_route=%2Fwp%2Fv2%2Fmedia&parent=3303"}],"curies":[{"name":"wp","href":"https:\/\/api.w.org\/{rel}","templated":true}]}}

<section class="u-clearfix u-custom-color-149 u-section-2" id="block-3">
      <div class="u-clearfix u-sheet u-valign-middle u-sheet-1">
        <h2 class="u-align-left u-text u-text-default u-text-1"> Unsere Nachrichten aus dem Jahr 2025</h2>
      </div>
    </section>
    <section class="u-align-left u-clearfix u-container-align-left u-lightbox u-white u-section-3" id="block-6">
      <div class="u-clearfix u-sheet u-valign-middle-sm u-valign-middle-xs u-sheet-1">
        <img decoding="async" class="u-border-3 u-border-custom-color-104 u-image u-image-contain u-image-round u-radius u-image-1" src="https://www.netzwerkdemenz-landkreisneunkirchen.de/wp-content/uploads/2025/09/20250902_172053-scaled.jpg" alt="" data-image-width="2560" data-image-height="1182">
        <h2 class="u-align-left u-text u-text-1"> Fit und vital – Informationsabend Demenzprävention</h2>
        <p class="u-align-left u-text u-text-2"> Der 03. September 2025 stand ganz im Zeichen der Demenzprävention. Das NetzwerkDemenz im Landkreis Neunkirchen, der Landkreis Neunkirchen und »Das Saarland lebt gesund!« luden zum Informationsabend „Fit und vital älter werden – stark im Alltag: Demenzprävention und Selbstfürsorge“ nach Neunkirchen. Die Veranstaltung stieß auf großes Interesse, circa 100 Teilnehmende füllten den großen Sitzungssaal des Landratsamtes.&nbsp;<br>
          <br>Anschauliche Informationen präsentierten Prof. Dr. Tobias Hartman von der Universität des Saarlandes, die Ergotherapeutin Mareike Dachs und Resilienztrainerin Tanja Wehrmeier. Ergänzt wurde das Angebot durch mehrere Infostände, darunter der Pflegestützpunkt Neunkirchen, die Leitstelle "Älter werden" im Landkreis Neunkirchen und Petras Tanztraum.&nbsp;<br>
          <br>Wir danken allen Beteiligten für diese tolle Veranstaltung, welche die Bedeutsamkeit dieses Themenkomplexes eindrücklich veranschaulicht.&nbsp;
        </p>
        <img decoding="async" class="u-border-3 u-border-custom-color-104 u-image u-image-contain u-image-round u-radius u-image-2" src="https://www.netzwerkdemenz-landkreisneunkirchen.de/wp-content/uploads/2025/09/20250902_182506-scaled.jpg" alt="" data-image-width="2560" data-image-height="1182">
        <a href="https://www.netzwerkdemenz-landkreisneunkirchen.de/#meldungen" class="u-border-2 u-border-custom-color-87 u-border-hover-custom-color-87 u-btn u-btn-round u-button-style u-custom-color-87 u-hover-white u-radius u-text-hover-custom-color-87 u-btn-1">Z<span style="font-weight: 700;"></span>urück
        </a>
      </div>
    </section>
    <section class="u-align-left u-clearfix u-container-align-left u-lightbox u-white u-section-4" id="block-5">
      <div class="u-clearfix u-sheet u-valign-middle-sm u-valign-middle-xs u-sheet-1">
        <img decoding="async" class="u-border-3 u-border-custom-color-104 u-image u-image-contain u-image-round u-radius u-image-1" src="https://www.netzwerkdemenz-landkreisneunkirchen.de/wp-content/uploads/2025/06/csm_Demenztasche_Lichte_Momente_69dda5f221.jpg" alt="" data-image-width="576" data-image-height="384">
        <h2 class="u-align-left u-text u-text-1"> 05. Juni 2025<br> Demenztasche "Lichte Momente"<br>NetzwerkDemenz und DSLG stellen neue Informations-Tasche vor
        </h2>
        <p class="u-align-left u-text u-text-2"> „Wissen über eine Erkrankung ist der erste Schritt zur besseren Bewältigung“, weiß Anja Stuppi, Landkreisleitung bei »Das Saarland lebt gesund!«. „Umfassende Informationsmaterialien sollen sowohl Erkrankten als auch Angehörigen von Demenzkranken das nötige Rüstzeug an die Hand geben, um informierte Entscheidungen treffen zu können und sich in dieser Situation nicht alleine zu fühlen.“ Das NetzwerkDemenz im Landkreis Neunkirchen und »Das Saarland lebt gesund!« haben gemeinsam die Demenztasche „Lichte Momente“ entwickelt. Diese Tasche enthält hilfreiche Informationsmaterialien und richtet sich gezielt an Angehörige von Menschen mit Demenz, um ihnen Unterstützung und Orientierung zu bieten. „Die Taschen beinhalten zum Beispiel unseren "Demenzwegweiser für den Landkreis Neunkirchen" und die Broschüren "Was kann ich tun" bzw. "Demenz - Das Wichtigste" der Alzheimer Gesellschaft, stellt die 1. Vorsitzende des Demenzvereins, Birgit Mohns-Welsch, die Tasche vor.“&nbsp;<br>
          <br>Landrat Sören Meng begrüßt diese Initiative: „Demenz ist ein Thema, das viele Familien betrifft und oft mit Unsicherheit und Überforderung einhergeht. Ich danke allen Beteiligten herzlich für ihr Engagement und die gelungene Kooperation. Die Demenztasche ist ein wunderbares Beispiel dafür, wie Betroffenen und ihren Familien konkret geholfen und das Leben im Landkreis menschlicher gestaltet werden kann.“&nbsp;<br>
          <br>Die Taschen sind kostenlos unter anderem beim NetzwerkDemenz im Landkreis Neunkirchen, Pauluseck 5 in 66564 Ottweiler, zu erhalten.&nbsp;
        </p>
        <a href="https://www.netzwerkdemenz-landkreisneunkirchen.de/#meldungen" class="u-border-2 u-border-custom-color-87 u-border-hover-custom-color-87 u-btn u-btn-round u-button-style u-custom-color-87 u-hover-white u-radius u-text-hover-custom-color-87 u-btn-1">Z<span style="font-weight: 700;"></span>urück
        </a>
      </div>
    </section>
    <section class="u-align-left u-clearfix u-container-align-left u-lightbox u-white u-section-5" id="block-4">
      <div class="u-clearfix u-sheet u-valign-middle-sm u-valign-middle-xs u-sheet-1">
        <h2 class="u-align-left u-text u-text-1"> 28. März 2025<br> Siebte gemeinsame Pflanzaktion „Vergiss-mein-nicht“
        </h2>
        <p class="u-align-left u-text u-text-2">Gemeinsam mit der Landesfachstelle für Demenz, den „Lokalen Allianzen für Menschen mit Demenz“ in den Kommunen, den Landkreisen sowie dem Regionalverband wurden in den letzten Tagen landesweit bereits zum siebten Mal blaue Vergissmeinnicht-Blumen an öffentlichen Plätzen gepflanzt. An der diesjährigen Pflanzaktion hat sich auch die Gemeinde Illingen zum ersten Mal beteiligt um damit ein sichtbares Zeichen gegen das Vergessen zu setzen.<br>Nach Angaben des Sozialministeriums leiden im Saarland derzeit rund 22 850 Menschen an einer Demenz mit steigender Tendenz. Fast jeder 10. Mensch über 65 Jahre ist im Saarland in irgendeiner Form von dieser Erkrankung betroffen. Betroffen sind jedoch nicht nur die Erkrankten selbst, sondern auch deren Angehörige, die sich um sie kümmern sowie das gesamte Umfeld. Mit der Teilnahme an der Pflanzaktion unterstützt die Gemeinde Illingen die Sensibilisierungskampagne des Sozialministeriums. Damit soll mehr Bewusstsein in der Gesellschaft für die gesamte Problematik Demenz geschaffen werden.&nbsp;<br>
          <br>Über 7.000 Vergissmeinnicht-Pflanzen wurden in diesem Jahr über die Landesfachstelle Demenz in Saarlouis ausgegeben. In einer gemeinsamen Pflanzaktion mit dem Leiter der Landesfachstelle Demenz, Andreas Sauder, Bürgermeister Andreas Hübgen, der Vorsitzenden des Seniorenbeirates und kommunale Behindertenbeauftragte Helma Wagner sowie Elke Schleppi vom Fachbereich 4 der Gemeinde, konnten wir so 120 Vergiss-mein-nicht Pflanzen in das bestens von unseren Gärtnern vorbereitete Beet am Rathaus Illingen bei strahlendem Sonnenschein einpflanzen. Bürgermeister Andreas Hübgen war es wichtig, damit ein sichtbares Zeichen gegen das Vergessen in seiner Gemeinde zu setzen und das Bewusstsein in der Gesellschaft zu stärken.
Weitergehende Informationen zum Themenfeld Demenz finden Sie unter:&nbsp;<br>
          <br>Demenzverein im Landkreis Neunkirchen:<br>Die Geschäftsstelle des Demenzvereins befindet sich in der Pauluseck 5 in 66564 Ottweiler. <br>Telefon: 06824 204 9760<br>Email: info@netzwerkdemenz-landkreisneunkirchen.de<br>Internetseite: www.netzwerkdemenz-landkreisneunkirchen.de&nbsp;<br>
          <br>Landesfachstelle Demenz Saarland:<br>Ludwigstraße 5, 66740 Saarlouis<br>Tel.: 06831/ 4 88 18 0<br>Email: landesfachstelle@demenz-saarland.de<br>Internetseite: www.demenz-saarland.de&nbsp;
        </p>
        <a href="https://www.netzwerkdemenz-landkreisneunkirchen.de/#meldungen" class="u-border-2 u-border-custom-color-87 u-border-hover-custom-color-87 u-btn u-btn-round u-button-style u-custom-color-87 u-hover-white u-radius u-text-hover-custom-color-87 u-btn-1">Z<span style="font-weight: 700;"></span>urück
        </a>
      </div>
    </section>

<p>Unsere Nachrichten aus dem Jahr 2025 Fit und vital – Informationsabend Demenzprävention Der 03. September 2025 stand ganz im Zeichen der Demenzprävention. Das NetzwerkDemenz im Landkreis Neunkirchen, der Landkreis Neunkirchen &hellip; <a href="https://www.netzwerkdemenz-landkreisneunkirchen.de/?page_id=3303" class="more-link">Continue reading<span class="screen-reader-text"> &#8222;2025 Meldungen&#8220;</span></a></p>
