{"id":3314,"date":"2026-04-16T15:06:37","date_gmt":"2026-04-16T15:06:37","guid":{"rendered":"https:\/\/www.netzwerkdemenz-landkreisneunkirchen.de\/?page_id=3314"},"modified":"2026-04-16T15:06:37","modified_gmt":"2026-04-16T15:06:37","slug":"2026-meldungen","status":"publish","type":"page","link":"https:\/\/www.netzwerkdemenz-landkreisneunkirchen.de\/?page_id=3314","title":{"rendered":"2026 Meldungen"},"content":{"rendered":"\n    \n    <section class=\"u-clearfix u-custom-color-149 u-section-2\" id=\"block-3\">\n      <div class=\"u-clearfix u-sheet u-valign-middle u-sheet-1\">\n        <h2 class=\"u-align-left u-text u-text-default u-text-1\"> Unsere Nachrichten aus dem Jahr 2026<\/h2>\n      <\/div>\n    <\/section>\n    <section class=\"u-align-left u-clearfix u-container-align-left u-lightbox u-white u-section-3\" id=\"block-5\">\n      <div class=\"u-clearfix u-sheet u-valign-middle-sm u-valign-middle-xs u-sheet-1\">\n        <img decoding=\"async\" class=\"u-border-3 u-border-custom-color-104 u-image u-image-round u-radius u-image-1\" src=\"https:\/\/www.netzwerkdemenz-landkreisneunkirchen.de\/wp-content\/uploads\/2026\/03\/Bild-1-Pflanzaktion-18.03.26-scaled.jpg\" alt=\"\" data-image-width=\"2560\" data-image-height=\"1707\">\n        <h2 class=\"u-align-left u-text u-text-1\"> Demenz geht uns Alle an!<\/h2>\n        <p class=\"u-align-left u-text u-text-2\"> Gemeinde Illingen zum zweiten Mal bei der Pflanzaktion \u201eVergiss-mein-nicht!\u201c dabei&nbsp;<br>\n          <br>Gemeinsam mit der Landesfachstelle f\u00fcr Demenz, den \u201eLokalen Allianzen f\u00fcr Menschen mit Demenz\u201c in den Kommunen, den Landkreisen sowie dem Regionalverband wurden in den letzten Tagen landesweit bereits zum achten Mal blaue \u201eVergiss-mein-nicht\u201c -Blumen an \u00f6ffentlichen Pl\u00e4tzen gepflanzt. Dabei hat sich die Gemeinde Illingen nun zum zweiten Mal an dieser landesweiten Pflanzaktion beteiligt um damit ein sichtbares Zeichen gegen das Vergessen zu setzen.<br>Nach Angaben des Sozialministeriums leiden im Saarland derzeit rund 25000 Menschen an einer Demenz mit steigender Tendenz. Mit der \u00e4lter werdenden Gesellschaft wird diese Zahl weiter steigen. Betroffen sind jedoch nicht nur die Erkrankten selbst, sondern auch ihre Angeh\u00f6rigen, die sie im Alltag unterst\u00fctzen. Die Bedeutung des Themas Demenz nimmt damit stetig zu und stellt unsere Gesellschaft vor gro\u00dfe Herausforderungen.&nbsp;<br>\n          <br>Mit der Teilnahme an der Pflanzaktion unterst\u00fctzt die Gemeinde Illingen die Sensibilisierungskampagne des Sozialministeriums. Damit soll mehr Bewusstsein in der Gesellschaft f\u00fcr die gesamte Problematik Demenz geschaffen werden.&nbsp;<br>\n          <br>Gleichzeitig soll gemeinsam ein sichtbares Zeichen gegen das Vergessen gesetzt werden.\nZur gemeinsamen Pflanzaktion mit dem Leiter der Landesfachstelle Demenz, Andreas Sauder, B\u00fcrgermeister Andreas H\u00fcbgen, der Vorsitzenden des Seniorenbeirates und kommunale Behindertenbeauftragte Helma Wagner sowie der Organisatorin und Demenzbeauftragten Elke Schleppi vom Fachbereich 4 der Gemeinde kamen auch etliche Mitglieder des amtierenden Seniorenbeirates. Mit dabei waren: Elfriede Gro\u00df, Ute Kistner in Begleitung von Benjamin Pulch von der Tagespflege \u201eLichtblick\u201c des Caritas-Zentrums f\u00fcr Pflege und Beratung H\u00fcttigweiler sowie Hans-Dieter Schwarz und Frau Zimmer in Vertretung der Tagespflege Stullgys (Inhaber Sybille und Thomas Bettinger) aus Uchtelfangen.<br>So konnten gemeinsam rund 100 \u201eVergiss-mein-nicht\u201c-Pflanzen in das bestens von unseren G\u00e4rtnern vorbereitete Beet am Rathaus Illingen bei strahlendem Sonnenschein eingepflanzt werden.<br>B\u00fcrgermeister Andreas H\u00fcbgen war es wichtig, mit dieser gemeinsamen Aktion ein sichtbares Zeichen gegen das Vergessen in seiner Gemeinde zu setzen und das Bewusstsein in der Gesellschaft zu st\u00e4rken.&nbsp;<br>\n          <br>Weitergehende Informationen zum Themenfeld Demenz finden Sie unter:&nbsp;<br>\n          <br>Gesch\u00e4ftsstelle des Demenzvereins im Landkreis Neunkirchen<br>Pauluseck 5, 66564 Ottweiler<br>Telefon: 06824 \/ 2049760<br>E-Mail: info@demenz-nk.de<br>Internetseite: www.netzwerkdemenz-landkreisneunkirchen.de&nbsp;<br>\n          <br>Landesfachstelle Demenz Saarland<br>Ludwigstra\u00dfe 5, 66740 Saarlouis<br>Tel.: 06831\/ 4 88 18 0<br>E-Mail: landesfachstelle@demenz-saarland.de<br>Internetseite: www.demenz-saarland.de&nbsp;<br>\n          <br>Gemeinde Illingen<br>Hauptstra\u00dfe 84, 66557 Illingen<br>Elke Schleppi \u2013 Demenzbeauftragte<br>Tel.: 06825\/409126<br>E-Mail: elke.schleppi@illingen.de&nbsp;\n        <\/p>\n        <a href=\"https:\/\/www.netzwerkdemenz-landkreisneunkirchen.de\/#meldungen\" class=\"u-border-2 u-border-custom-color-87 u-border-hover-custom-color-87 u-btn u-btn-round u-button-style u-custom-color-87 u-hover-white u-radius u-text-hover-custom-color-87 u-btn-1\">Z<span style=\"font-weight: 700;\"><\/span>ur\u00fcck\n        <\/a>\n      <\/div>\n    <\/section>\n    <section class=\"u-align-left u-clearfix u-lightbox u-white u-section-4\" id=\"block-6\">\n      <div class=\"u-clearfix u-sheet u-valign-middle-sm u-valign-middle-xs u-sheet-1\">\n        <img decoding=\"async\" class=\"u-border-3 u-border-custom-color-104 u-image u-image-round u-radius u-image-1\" src=\"https:\/\/www.netzwerkdemenz-landkreisneunkirchen.de\/wp-content\/uploads\/2026\/01\/Bild-1.jpg\" alt=\"\" data-image-width=\"440\" data-image-height=\"587\">\n        <h2 class=\"u-align-left u-text u-text-1\"> Positiver Blick aufs \u00c4lterwerden \u2013 warum neue Altersbilder \u00fcberf\u00e4llig sind<\/h2>\n        <p class=\"u-align-left u-text u-text-2\"> In Zusammenarbeit mit der Gemeinde Eppelborn fand gestern Abend dieser Vortrag statt, der f\u00fcr uns zugleich den Auftakt unserer Themenabendreihe anl\u00e4sslich des 35-j\u00e4hrigen Firmenjubil\u00e4ums bildete. <br>Monika Wackernagel-Jacobs, ehemalige Sozialministerin des Saarlandes und Filmproduzentin, er\u00f6ffnete unseren 50 Teilnehmern in ihrem kurzweiligen und inspirierenden Vortrag einen positiven und zeitgem\u00e4\u00dfen Blick auf das \u00c4lterwerden.<br>Tradierte Altersbilder wurden dabei bewusst infrage gestellt. Statt Defiziten r\u00fcckten Ressourcen, M\u00f6glichkeiten und neue Perspektiven in den Fokus. Der Vortrag machte Mut, neugierig zu bleiben, neue Impulse aufzunehmen und vielleicht sogar g\u00e4nzlich neue Wege f\u00fcr sich zu entdecken. Vorgestellte Vorbilder \u00fcberraschten, regten zum Nachdenken an und verbl\u00fcfften \u2013 vor allem aber ermutigten sie. Deutlich wurde: Menschen leben heute l\u00e4nger \u2013 und meist auch l\u00e4nger gesund. Ein erf\u00fclltes \u00c4lterwerden gelingt besonders dann, wenn wir aktiv bleiben, eine sinnstiftende Aufgabe haben und in Kontakt mit anderen Menschen stehen.<br>Ein kurzweiliger Abend voller inspirierender Ideen und mit einem mutigen Perspektivenwechsel, au\u00dferdem f\u00fcr uns ein sehr gelungener Auftakt unserer Jubil\u00e4umsreihe, die nachwirkt und Lust auf die kommenden Veranstaltungen macht.<br>Allen Beteiligten ein herzliches Dankesch\u00f6n.\n        <\/p>\n        <img decoding=\"async\" class=\"u-border-3 u-border-custom-color-104 u-image u-image-round u-radius u-image-2\" src=\"https:\/\/www.netzwerkdemenz-landkreisneunkirchen.de\/wp-content\/uploads\/2026\/01\/Bild-2.jpg\" alt=\"\" data-image-width=\"786\" data-image-height=\"589\">\n        <a href=\"https:\/\/www.netzwerkdemenz-landkreisneunkirchen.de\/#meldungen\" class=\"u-border-2 u-border-custom-color-87 u-border-hover-custom-color-87 u-btn u-btn-round u-button-style u-custom-color-87 u-hover-white u-radius u-text-hover-custom-color-87 u-btn-1\">Z<span style=\"font-weight: 700;\"><\/span>ur\u00fcck\n        <\/a>\n      <\/div>\n    <\/section>\n    <section class=\"u-align-left u-clearfix u-container-align-left u-lightbox u-white u-section-5\" id=\"block-4\">\n      <div class=\"u-clearfix u-sheet u-valign-middle-sm u-valign-middle-xs u-sheet-1\">\n        <h2 class=\"u-align-left u-text u-text-1\"> 28. M\u00e4rz 2025<br> Siebte gemeinsame Pflanzaktion \u201eVergiss-mein-nicht\u201c\n        <\/h2>\n        <p class=\"u-align-left u-text u-text-2\">Gemeinsam mit der Landesfachstelle f\u00fcr Demenz, den \u201eLokalen Allianzen f\u00fcr Menschen mit Demenz\u201c in den Kommunen, den Landkreisen sowie dem Regionalverband wurden in den letzten Tagen landesweit bereits zum siebten Mal blaue Vergissmeinnicht-Blumen an \u00f6ffentlichen Pl\u00e4tzen gepflanzt. An der diesj\u00e4hrigen Pflanzaktion hat sich auch die Gemeinde Illingen zum ersten Mal beteiligt um damit ein sichtbares Zeichen gegen das Vergessen zu setzen.<br>Nach Angaben des Sozialministeriums leiden im Saarland derzeit rund 22 850 Menschen an einer Demenz mit steigender Tendenz. Fast jeder 10. Mensch \u00fcber 65 Jahre ist im Saarland in irgendeiner Form von dieser Erkrankung betroffen. Betroffen sind jedoch nicht nur die Erkrankten selbst, sondern auch deren Angeh\u00f6rige, die sich um sie k\u00fcmmern sowie das gesamte Umfeld. Mit der Teilnahme an der Pflanzaktion unterst\u00fctzt die Gemeinde Illingen die Sensibilisierungskampagne des Sozialministeriums. Damit soll mehr Bewusstsein in der Gesellschaft f\u00fcr die gesamte Problematik Demenz geschaffen werden.&nbsp;<br>\n          <br>\u00dcber 7.000 Vergissmeinnicht-Pflanzen wurden in diesem Jahr \u00fcber die Landesfachstelle Demenz in Saarlouis ausgegeben. In einer gemeinsamen Pflanzaktion mit dem Leiter der Landesfachstelle Demenz, Andreas Sauder, B\u00fcrgermeister Andreas H\u00fcbgen, der Vorsitzenden des Seniorenbeirates und kommunale Behindertenbeauftragte Helma Wagner sowie Elke Schleppi vom Fachbereich 4 der Gemeinde, konnten wir so 120 Vergiss-mein-nicht Pflanzen in das bestens von unseren G\u00e4rtnern vorbereitete Beet am Rathaus Illingen bei strahlendem Sonnenschein einpflanzen. B\u00fcrgermeister Andreas H\u00fcbgen war es wichtig, damit ein sichtbares Zeichen gegen das Vergessen in seiner Gemeinde zu setzen und das Bewusstsein in der Gesellschaft zu st\u00e4rken.\nWeitergehende Informationen zum Themenfeld Demenz finden Sie unter:&nbsp;<br>\n          <br>Demenzverein im Landkreis Neunkirchen:<br>Die Gesch\u00e4ftsstelle des Demenzvereins befindet sich in der Pauluseck 5 in 66564 Ottweiler. <br>Telefon: 06824 204 9760<br>Email: info@netzwerkdemenz-landkreisneunkirchen.de<br>Internetseite: www.netzwerkdemenz-landkreisneunkirchen.de&nbsp;<br>\n          <br>Landesfachstelle Demenz Saarland:<br>Ludwigstra\u00dfe 5, 66740 Saarlouis<br>Tel.: 06831\/ 4 88 18 0<br>Email: landesfachstelle@demenz-saarland.de<br>Internetseite: www.demenz-saarland.de&nbsp;\n        <\/p>\n        <a href=\"https:\/\/www.netzwerkdemenz-landkreisneunkirchen.de\/#meldungen\" class=\"u-border-2 u-border-custom-color-87 u-border-hover-custom-color-87 u-btn u-btn-round u-button-style u-custom-color-87 u-hover-white u-radius u-text-hover-custom-color-87 u-btn-1\">Z<span style=\"font-weight: 700;\"><\/span>ur\u00fcck\n        <\/a>\n      <\/div>\n    <\/section>\n    \n    \n    \n    \n  \n","protected":false},"excerpt":{"rendered":"<p>Unsere Nachrichten aus dem Jahr 2026 Demenz geht uns Alle an! Gemeinde Illingen zum zweiten Mal bei der Pflanzaktion \u201eVergiss-mein-nicht!\u201c dabei&nbsp; Gemeinsam mit der Landesfachstelle f\u00fcr Demenz, den \u201eLokalen Allianzen &hellip; <a href=\"https:\/\/www.netzwerkdemenz-landkreisneunkirchen.de\/?page_id=3314\" class=\"more-link\">Continue reading<span class=\"screen-reader-text\"> &#8222;2026 Meldungen&#8220;<\/span><\/a><\/p>\n","protected":false},"author":1,"featured_media":0,"parent":0,"menu_order":0,"comment_status":"closed","ping_status":"closed","template":"","meta":{"footnotes":""},"class_list":["post-3314","page","type-page","status-publish","hentry"],"_links":{"self":[{"href":"https:\/\/www.netzwerkdemenz-landkreisneunkirchen.de\/index.php?rest_route=\/wp\/v2\/pages\/3314","targetHints":{"allow":["GET"]}}],"collection":[{"href":"https:\/\/www.netzwerkdemenz-landkreisneunkirchen.de\/index.php?rest_route=\/wp\/v2\/pages"}],"about":[{"href":"https:\/\/www.netzwerkdemenz-landkreisneunkirchen.de\/index.php?rest_route=\/wp\/v2\/types\/page"}],"author":[{"embeddable":true,"href":"https:\/\/www.netzwerkdemenz-landkreisneunkirchen.de\/index.php?rest_route=\/wp\/v2\/users\/1"}],"replies":[{"embeddable":true,"href":"https:\/\/www.netzwerkdemenz-landkreisneunkirchen.de\/index.php?rest_route=%2Fwp%2Fv2%2Fcomments&post=3314"}],"version-history":[{"count":3,"href":"https:\/\/www.netzwerkdemenz-landkreisneunkirchen.de\/index.php?rest_route=\/wp\/v2\/pages\/3314\/revisions"}],"predecessor-version":[{"id":3319,"href":"https:\/\/www.netzwerkdemenz-landkreisneunkirchen.de\/index.php?rest_route=\/wp\/v2\/pages\/3314\/revisions\/3319"}],"wp:attachment":[{"href":"https:\/\/www.netzwerkdemenz-landkreisneunkirchen.de\/index.php?rest_route=%2Fwp%2Fv2%2Fmedia&parent=3314"}],"curies":[{"name":"wp","href":"https:\/\/api.w.org\/{rel}","templated":true}]}}

<section class="u-clearfix u-custom-color-149 u-section-2" id="block-3">
      <div class="u-clearfix u-sheet u-valign-middle u-sheet-1">
        <h2 class="u-align-left u-text u-text-default u-text-1"> Unsere Nachrichten aus dem Jahr 2026</h2>
      </div>
    </section>
    <section class="u-align-left u-clearfix u-container-align-left u-lightbox u-white u-section-3" id="block-5">
      <div class="u-clearfix u-sheet u-valign-middle-sm u-valign-middle-xs u-sheet-1">
        <img decoding="async" class="u-border-3 u-border-custom-color-104 u-image u-image-round u-radius u-image-1" src="https://www.netzwerkdemenz-landkreisneunkirchen.de/wp-content/uploads/2026/03/Bild-1-Pflanzaktion-18.03.26-scaled.jpg" alt="" data-image-width="2560" data-image-height="1707">
        <h2 class="u-align-left u-text u-text-1"> Demenz geht uns Alle an!</h2>
        <p class="u-align-left u-text u-text-2"> Gemeinde Illingen zum zweiten Mal bei der Pflanzaktion „Vergiss-mein-nicht!“ dabei&nbsp;<br>
          <br>Gemeinsam mit der Landesfachstelle für Demenz, den „Lokalen Allianzen für Menschen mit Demenz“ in den Kommunen, den Landkreisen sowie dem Regionalverband wurden in den letzten Tagen landesweit bereits zum achten Mal blaue „Vergiss-mein-nicht“ -Blumen an öffentlichen Plätzen gepflanzt. Dabei hat sich die Gemeinde Illingen nun zum zweiten Mal an dieser landesweiten Pflanzaktion beteiligt um damit ein sichtbares Zeichen gegen das Vergessen zu setzen.<br>Nach Angaben des Sozialministeriums leiden im Saarland derzeit rund 25000 Menschen an einer Demenz mit steigender Tendenz. Mit der älter werdenden Gesellschaft wird diese Zahl weiter steigen. Betroffen sind jedoch nicht nur die Erkrankten selbst, sondern auch ihre Angehörigen, die sie im Alltag unterstützen. Die Bedeutung des Themas Demenz nimmt damit stetig zu und stellt unsere Gesellschaft vor große Herausforderungen.&nbsp;<br>
          <br>Mit der Teilnahme an der Pflanzaktion unterstützt die Gemeinde Illingen die Sensibilisierungskampagne des Sozialministeriums. Damit soll mehr Bewusstsein in der Gesellschaft für die gesamte Problematik Demenz geschaffen werden.&nbsp;<br>
          <br>Gleichzeitig soll gemeinsam ein sichtbares Zeichen gegen das Vergessen gesetzt werden.
Zur gemeinsamen Pflanzaktion mit dem Leiter der Landesfachstelle Demenz, Andreas Sauder, Bürgermeister Andreas Hübgen, der Vorsitzenden des Seniorenbeirates und kommunale Behindertenbeauftragte Helma Wagner sowie der Organisatorin und Demenzbeauftragten Elke Schleppi vom Fachbereich 4 der Gemeinde kamen auch etliche Mitglieder des amtierenden Seniorenbeirates. Mit dabei waren: Elfriede Groß, Ute Kistner in Begleitung von Benjamin Pulch von der Tagespflege „Lichtblick“ des Caritas-Zentrums für Pflege und Beratung Hüttigweiler sowie Hans-Dieter Schwarz und Frau Zimmer in Vertretung der Tagespflege Stullgys (Inhaber Sybille und Thomas Bettinger) aus Uchtelfangen.<br>So konnten gemeinsam rund 100 „Vergiss-mein-nicht“-Pflanzen in das bestens von unseren Gärtnern vorbereitete Beet am Rathaus Illingen bei strahlendem Sonnenschein eingepflanzt werden.<br>Bürgermeister Andreas Hübgen war es wichtig, mit dieser gemeinsamen Aktion ein sichtbares Zeichen gegen das Vergessen in seiner Gemeinde zu setzen und das Bewusstsein in der Gesellschaft zu stärken.&nbsp;<br>
          <br>Weitergehende Informationen zum Themenfeld Demenz finden Sie unter:&nbsp;<br>
          <br>Geschäftsstelle des Demenzvereins im Landkreis Neunkirchen<br>Pauluseck 5, 66564 Ottweiler<br>Telefon: 06824 / 2049760<br>E-Mail: info@demenz-nk.de<br>Internetseite: www.netzwerkdemenz-landkreisneunkirchen.de&nbsp;<br>
          <br>Landesfachstelle Demenz Saarland<br>Ludwigstraße 5, 66740 Saarlouis<br>Tel.: 06831/ 4 88 18 0<br>E-Mail: landesfachstelle@demenz-saarland.de<br>Internetseite: www.demenz-saarland.de&nbsp;<br>
          <br>Gemeinde Illingen<br>Hauptstraße 84, 66557 Illingen<br>Elke Schleppi – Demenzbeauftragte<br>Tel.: 06825/409126<br>E-Mail: elke.schleppi@illingen.de&nbsp;
        </p>
        <a href="https://www.netzwerkdemenz-landkreisneunkirchen.de/#meldungen" class="u-border-2 u-border-custom-color-87 u-border-hover-custom-color-87 u-btn u-btn-round u-button-style u-custom-color-87 u-hover-white u-radius u-text-hover-custom-color-87 u-btn-1">Z<span style="font-weight: 700;"></span>urück
        </a>
      </div>
    </section>
    <section class="u-align-left u-clearfix u-lightbox u-white u-section-4" id="block-6">
      <div class="u-clearfix u-sheet u-valign-middle-sm u-valign-middle-xs u-sheet-1">
        <img decoding="async" class="u-border-3 u-border-custom-color-104 u-image u-image-round u-radius u-image-1" src="https://www.netzwerkdemenz-landkreisneunkirchen.de/wp-content/uploads/2026/01/Bild-1.jpg" alt="" data-image-width="440" data-image-height="587">
        <h2 class="u-align-left u-text u-text-1"> Positiver Blick aufs Älterwerden – warum neue Altersbilder überfällig sind</h2>
        <p class="u-align-left u-text u-text-2"> In Zusammenarbeit mit der Gemeinde Eppelborn fand gestern Abend dieser Vortrag statt, der für uns zugleich den Auftakt unserer Themenabendreihe anlässlich des 35-jährigen Firmenjubiläums bildete. <br>Monika Wackernagel-Jacobs, ehemalige Sozialministerin des Saarlandes und Filmproduzentin, eröffnete unseren 50 Teilnehmern in ihrem kurzweiligen und inspirierenden Vortrag einen positiven und zeitgemäßen Blick auf das Älterwerden.<br>Tradierte Altersbilder wurden dabei bewusst infrage gestellt. Statt Defiziten rückten Ressourcen, Möglichkeiten und neue Perspektiven in den Fokus. Der Vortrag machte Mut, neugierig zu bleiben, neue Impulse aufzunehmen und vielleicht sogar gänzlich neue Wege für sich zu entdecken. Vorgestellte Vorbilder überraschten, regten zum Nachdenken an und verblüfften – vor allem aber ermutigten sie. Deutlich wurde: Menschen leben heute länger – und meist auch länger gesund. Ein erfülltes Älterwerden gelingt besonders dann, wenn wir aktiv bleiben, eine sinnstiftende Aufgabe haben und in Kontakt mit anderen Menschen stehen.<br>Ein kurzweiliger Abend voller inspirierender Ideen und mit einem mutigen Perspektivenwechsel, außerdem für uns ein sehr gelungener Auftakt unserer Jubiläumsreihe, die nachwirkt und Lust auf die kommenden Veranstaltungen macht.<br>Allen Beteiligten ein herzliches Dankeschön.
        </p>
        <img decoding="async" class="u-border-3 u-border-custom-color-104 u-image u-image-round u-radius u-image-2" src="https://www.netzwerkdemenz-landkreisneunkirchen.de/wp-content/uploads/2026/01/Bild-2.jpg" alt="" data-image-width="786" data-image-height="589">
        <a href="https://www.netzwerkdemenz-landkreisneunkirchen.de/#meldungen" class="u-border-2 u-border-custom-color-87 u-border-hover-custom-color-87 u-btn u-btn-round u-button-style u-custom-color-87 u-hover-white u-radius u-text-hover-custom-color-87 u-btn-1">Z<span style="font-weight: 700;"></span>urück
        </a>
      </div>
    </section>
    <section class="u-align-left u-clearfix u-container-align-left u-lightbox u-white u-section-5" id="block-4">
      <div class="u-clearfix u-sheet u-valign-middle-sm u-valign-middle-xs u-sheet-1">
        <h2 class="u-align-left u-text u-text-1"> 28. März 2025<br> Siebte gemeinsame Pflanzaktion „Vergiss-mein-nicht“
        </h2>
        <p class="u-align-left u-text u-text-2">Gemeinsam mit der Landesfachstelle für Demenz, den „Lokalen Allianzen für Menschen mit Demenz“ in den Kommunen, den Landkreisen sowie dem Regionalverband wurden in den letzten Tagen landesweit bereits zum siebten Mal blaue Vergissmeinnicht-Blumen an öffentlichen Plätzen gepflanzt. An der diesjährigen Pflanzaktion hat sich auch die Gemeinde Illingen zum ersten Mal beteiligt um damit ein sichtbares Zeichen gegen das Vergessen zu setzen.<br>Nach Angaben des Sozialministeriums leiden im Saarland derzeit rund 22 850 Menschen an einer Demenz mit steigender Tendenz. Fast jeder 10. Mensch über 65 Jahre ist im Saarland in irgendeiner Form von dieser Erkrankung betroffen. Betroffen sind jedoch nicht nur die Erkrankten selbst, sondern auch deren Angehörige, die sich um sie kümmern sowie das gesamte Umfeld. Mit der Teilnahme an der Pflanzaktion unterstützt die Gemeinde Illingen die Sensibilisierungskampagne des Sozialministeriums. Damit soll mehr Bewusstsein in der Gesellschaft für die gesamte Problematik Demenz geschaffen werden.&nbsp;<br>
          <br>Über 7.000 Vergissmeinnicht-Pflanzen wurden in diesem Jahr über die Landesfachstelle Demenz in Saarlouis ausgegeben. In einer gemeinsamen Pflanzaktion mit dem Leiter der Landesfachstelle Demenz, Andreas Sauder, Bürgermeister Andreas Hübgen, der Vorsitzenden des Seniorenbeirates und kommunale Behindertenbeauftragte Helma Wagner sowie Elke Schleppi vom Fachbereich 4 der Gemeinde, konnten wir so 120 Vergiss-mein-nicht Pflanzen in das bestens von unseren Gärtnern vorbereitete Beet am Rathaus Illingen bei strahlendem Sonnenschein einpflanzen. Bürgermeister Andreas Hübgen war es wichtig, damit ein sichtbares Zeichen gegen das Vergessen in seiner Gemeinde zu setzen und das Bewusstsein in der Gesellschaft zu stärken.
Weitergehende Informationen zum Themenfeld Demenz finden Sie unter:&nbsp;<br>
          <br>Demenzverein im Landkreis Neunkirchen:<br>Die Geschäftsstelle des Demenzvereins befindet sich in der Pauluseck 5 in 66564 Ottweiler. <br>Telefon: 06824 204 9760<br>Email: info@netzwerkdemenz-landkreisneunkirchen.de<br>Internetseite: www.netzwerkdemenz-landkreisneunkirchen.de&nbsp;<br>
          <br>Landesfachstelle Demenz Saarland:<br>Ludwigstraße 5, 66740 Saarlouis<br>Tel.: 06831/ 4 88 18 0<br>Email: landesfachstelle@demenz-saarland.de<br>Internetseite: www.demenz-saarland.de&nbsp;
        </p>
        <a href="https://www.netzwerkdemenz-landkreisneunkirchen.de/#meldungen" class="u-border-2 u-border-custom-color-87 u-border-hover-custom-color-87 u-btn u-btn-round u-button-style u-custom-color-87 u-hover-white u-radius u-text-hover-custom-color-87 u-btn-1">Z<span style="font-weight: 700;"></span>urück
        </a>
      </div>
    </section>

<p>Unsere Nachrichten aus dem Jahr 2026 Demenz geht uns Alle an! Gemeinde Illingen zum zweiten Mal bei der Pflanzaktion „Vergiss-mein-nicht!“ dabei&nbsp; Gemeinsam mit der Landesfachstelle für Demenz, den „Lokalen Allianzen &hellip; <a href="https://www.netzwerkdemenz-landkreisneunkirchen.de/?page_id=3314" class="more-link">Continue reading<span class="screen-reader-text"> &#8222;2026 Meldungen&#8220;</span></a></p>
