{"id":779,"date":"2025-02-14T13:46:51","date_gmt":"2025-02-14T13:46:51","guid":{"rendered":"https:\/\/www.netzwerkdemenz-landkreisneunkirchen.de\/?page_id=779"},"modified":"2025-05-12T12:40:38","modified_gmt":"2025-05-12T12:40:38","slug":"2023-meldungen","status":"publish","type":"page","link":"https:\/\/www.netzwerkdemenz-landkreisneunkirchen.de\/?page_id=779","title":{"rendered":"2023 Meldungen"},"content":{"rendered":"\n    \n    <section class=\"u-clearfix u-custom-color-121 u-section-2\" id=\"sec-d784\">\n      <div class=\"u-clearfix u-sheet u-valign-middle u-sheet-1\">\n        <h2 class=\"u-align-left u-text u-text-default u-text-1\"> Unsere Nachrichten aus dem Jahr 2023<\/h2>\n      <\/div>\n    <\/section>\n    <section class=\"u-align-left u-clearfix u-lightbox u-section-3\" id=\"2023MarteMeo\">\n      <div class=\"u-clearfix u-sheet u-valign-middle-sm u-sheet-1\">\n        <img decoding=\"async\" class=\"u-align-right u-border-2 u-border-custom-color-118 u-image u-image-contain u-image-round u-radius u-image-1\" src=\"https:\/\/www.netzwerkdemenz-landkreisneunkirchen.de\/wp-content\/uploads\/2025\/02\/PPMarteMeo-1.webp\" alt=\"\" data-image-width=\"1511\" data-image-height=\"850\">\n        <h2 class=\"u-align-left u-text u-text-1\"> 20. November 2023<br> Marte Meo - Gelingende Beziehungen zu Menschen mi<span style=\"font-weight: 700;\"><\/span>t Demenz\n        <\/h2>\n        <p class=\"u-align-left u-text u-text-2\"> Am 14. November fand die Veranstaltung \"Marte Meo - Gelingende Beziehungen zu Menschen mit Demenz\" statt.<br>Die Pr\u00e4sentation finden Sie in dem nebenstehenden Dokument.\n        <\/p>\n        <a href=\"https:\/\/www.netzwerkdemenz-landkreisneunkirchen.de\/?page_id=78\" class=\"u-border-none u-btn u-btn-round u-button-style u-custom-color-105 u-radius u-btn-1\">Z<span style=\"font-weight: 700;\"><\/span>ur\u00fcck\n        <\/a>\n        <p class=\"u-align-center u-text u-text-custom-color-156 u-text-3\">\n          <a class=\"u-border-none u-btn u-button-link u-button-style u-file-link u-hover-none u-none u-text-custom-color-118 u-text-hover-palette-4-base u-btn-2\" href=\"https:\/\/www.netzwerkdemenz-landkreisneunkirchen.de\/fileadmin\/user_upload\/demenz_nk\/News\/Marte_Meo_Ottweiler_14.11.23.pdf\" target=\"_blank\">PowerPoint Pr\u00e4sentation \"Marte Meo\" zum Download<\/a>\n        <\/p>\n      <\/div>\n    <\/section>\n    <section class=\"u-align-left u-clearfix u-custom-color-115 u-section-4\" id=\"2023AktivDemenz\">\n      <div class=\"u-clearfix u-sheet u-valign-middle-lg u-sheet-1\">\n        <h2 class=\"u-align-left u-text u-text-1\">07. November 2023<br>Gegen Demenz l\u00e4sst sich aktiv was tun\n        <\/h2>\n        <img decoding=\"async\" class=\"u-border-2 u-border-custom-color-118 u-image u-image-contain u-image-round u-radius u-image-1\" src=\"https:\/\/www.netzwerkdemenz-landkreisneunkirchen.de\/wp-content\/uploads\/2025\/02\/SZGegenDemenzlsstsichaktivwastun-11.webp\" alt=\"\" data-image-width=\"601\" data-image-height=\"850\">\n        <p class=\"u-align-left u-text u-text-2\"> Am 19.10.2023 fand in der Stummschen Reithalle das Symposium \u201eDiagnostik\/Fr\u00fcherkennung, Prophylaxe, Neues aus der Forschung\u201c statt. Elke Jacobi von der Saarbr\u00fccker Zeitung hat hierzu einen Bericht verfasst.<br>Erschienen ist dieser am 24.10.2023 in der Saarbr\u00fccker Zeitung.<br>Wir danken ihr sehr, dass wir den Bericht ver\u00f6ffentlichen d\u00fcrfen!&nbsp;\n        <\/p>\n        <a href=\"https:\/\/www.netzwerkdemenz-landkreisneunkirchen.de\/?page_id=78\" class=\"u-border-none u-btn u-btn-round u-button-style u-custom-color-105 u-radius u-btn-1\">Z<span style=\"font-weight: 700;\"><\/span>ur\u00fcck\n        <\/a>\n        <p class=\"u-align-center u-text u-text-custom-color-152 u-text-3\">\n          <a class=\"u-border-none u-btn u-button-link u-button-style u-file-link u-hover-none u-none u-text-custom-color-118 u-text-hover-palette-4-base u-btn-2\" href=\"https:\/\/www.netzwerkdemenz-landkreisneunkirchen.de\/fileadmin\/user_upload\/demenz_nk\/News\/SZ_-_24.10.2023.PDF\" target=\"_blank\">Artikel Saarbr\u00fccker Zeitung vom 24.10.2023<\/a>\n        <\/p>\n      <\/div>\n    <\/section>\n    <section class=\"u-align-left u-clearfix u-section-5\" id=\"2023Demenzwegweiser\">\n      <div class=\"u-clearfix u-sheet u-valign-middle-xs u-sheet-1\">\n        <h2 class=\"u-align-left u-text u-text-1\"> 15. M\u00e4rz 2023<br>Demenzwegweiser f\u00fcr den Landkreis Neunkirchen\n        <\/h2>\n        <img decoding=\"async\" class=\"u-border-2 u-border-custom-color-118 u-image u-image-contain u-image-round u-radius u-image-1\" src=\"https:\/\/www.netzwerkdemenz-landkreisneunkirchen.de\/wp-content\/uploads\/2025\/02\/Titelseite-3-1.webp\" alt=\"\" data-image-width=\"601\" data-image-height=\"850\">\n        <p class=\"u-align-left u-text u-text-2\"> In Deutschland leben rund 1,8 Millionen Menschen mit Demenz, im Landkreis Neunkirchen sind es nach Sch\u00e4tzungen ca. 3.200 Menschen. Viele von ihnen&nbsp;werden zuhause von ihren Angeh\u00f6rigen betreut.<br>Der Demenzverein im Landkreis Neunkirchen e. V.&nbsp;und das NetzwerkDemenz im Landkreis Neunkirchen&nbsp;haben in Zusammenarbeit mit den im Wegweiser aufgef\u00fchrten Einrichtungen eine Brosch\u00fcre erstellt, die Wissenswertes zum Thema Demenz&nbsp;sowie Beratungs-, Hilfs- und Unterst\u00fctzungsangebote&nbsp;enth\u00e4lt. Der Demenzwegweiser leistet somit einen Beitrag Betroffene und ihre&nbsp;Angeh\u00f6rigen zu unterst\u00fctzen und zu informieren und damit zu entlasten.\n        <\/p>\n        <p class=\"u-align-center u-text u-text-custom-color-154 u-text-3\">\n          <a class=\"u-border-none u-btn u-button-link u-button-style u-file-link u-hover-none u-none u-text-custom-color-118 u-text-hover-palette-4-base u-btn-1\" href=\"https:\/\/www.netzwerkdemenz-landkreisneunkirchen.de\/fileadmin\/user_upload\/demenz_nk\/Netzwerk\/PDF\/Demenzwegweiser2023_webansicht.pdf\" target=\"_blank\">Demenzwegweiser 2023<\/a>\n        <\/p>\n        <a href=\"https:\/\/www.netzwerkdemenz-landkreisneunkirchen.de\/?page_id=78\" class=\"u-border-none u-btn u-btn-round u-button-style u-custom-color-105 u-radius u-btn-2\">Z<span style=\"font-weight: 700;\"><\/span>ur\u00fcck\n        <\/a>\n      <\/div>\n    <\/section>\n    \n    \n    \n    \n  \n","protected":false},"excerpt":{"rendered":"<p>Unsere Nachrichten aus dem Jahr 2023 20. November 2023 Marte Meo &#8211; Gelingende Beziehungen zu Menschen mit Demenz Am 14. November fand die Veranstaltung &#8222;Marte Meo &#8211; Gelingende Beziehungen zu &hellip; <a href=\"https:\/\/www.netzwerkdemenz-landkreisneunkirchen.de\/?page_id=779\" class=\"more-link\">Continue reading<span class=\"screen-reader-text\"> &#8222;2023 Meldungen&#8220;<\/span><\/a><\/p>\n","protected":false},"author":1,"featured_media":0,"parent":0,"menu_order":8,"comment_status":"closed","ping_status":"closed","template":"","meta":{"footnotes":""},"class_list":["post-779","page","type-page","status-publish","hentry"],"_links":{"self":[{"href":"https:\/\/www.netzwerkdemenz-landkreisneunkirchen.de\/index.php?rest_route=\/wp\/v2\/pages\/779","targetHints":{"allow":["GET"]}}],"collection":[{"href":"https:\/\/www.netzwerkdemenz-landkreisneunkirchen.de\/index.php?rest_route=\/wp\/v2\/pages"}],"about":[{"href":"https:\/\/www.netzwerkdemenz-landkreisneunkirchen.de\/index.php?rest_route=\/wp\/v2\/types\/page"}],"author":[{"embeddable":true,"href":"https:\/\/www.netzwerkdemenz-landkreisneunkirchen.de\/index.php?rest_route=\/wp\/v2\/users\/1"}],"replies":[{"embeddable":true,"href":"https:\/\/www.netzwerkdemenz-landkreisneunkirchen.de\/index.php?rest_route=%2Fwp%2Fv2%2Fcomments&post=779"}],"version-history":[{"count":7,"href":"https:\/\/www.netzwerkdemenz-landkreisneunkirchen.de\/index.php?rest_route=\/wp\/v2\/pages\/779\/revisions"}],"predecessor-version":[{"id":2273,"href":"https:\/\/www.netzwerkdemenz-landkreisneunkirchen.de\/index.php?rest_route=\/wp\/v2\/pages\/779\/revisions\/2273"}],"wp:attachment":[{"href":"https:\/\/www.netzwerkdemenz-landkreisneunkirchen.de\/index.php?rest_route=%2Fwp%2Fv2%2Fmedia&parent=779"}],"curies":[{"name":"wp","href":"https:\/\/api.w.org\/{rel}","templated":true}]}}

<section class="u-clearfix u-custom-color-121 u-section-2" id="sec-d784">
      <div class="u-clearfix u-sheet u-valign-middle u-sheet-1">
        <h2 class="u-align-left u-text u-text-default u-text-1"> Unsere Nachrichten aus dem Jahr 2023</h2>
      </div>
    </section>
    <section class="u-align-left u-clearfix u-lightbox u-section-3" id="2023MarteMeo">
      <div class="u-clearfix u-sheet u-valign-middle-sm u-sheet-1">
        <img decoding="async" class="u-align-right u-border-2 u-border-custom-color-118 u-image u-image-contain u-image-round u-radius u-image-1" src="https://www.netzwerkdemenz-landkreisneunkirchen.de/wp-content/uploads/2025/02/PPMarteMeo-1.webp" alt="" data-image-width="1511" data-image-height="850">
        <h2 class="u-align-left u-text u-text-1"> 20. November 2023<br> Marte Meo - Gelingende Beziehungen zu Menschen mi<span style="font-weight: 700;"></span>t Demenz
        </h2>
        <p class="u-align-left u-text u-text-2"> Am 14. November fand die Veranstaltung "Marte Meo - Gelingende Beziehungen zu Menschen mit Demenz" statt.<br>Die Präsentation finden Sie in dem nebenstehenden Dokument.
        </p>
        <a href="https://www.netzwerkdemenz-landkreisneunkirchen.de/?page_id=78" class="u-border-none u-btn u-btn-round u-button-style u-custom-color-105 u-radius u-btn-1">Z<span style="font-weight: 700;"></span>urück
        </a>
        <p class="u-align-center u-text u-text-custom-color-156 u-text-3">
          <a class="u-border-none u-btn u-button-link u-button-style u-file-link u-hover-none u-none u-text-custom-color-118 u-text-hover-palette-4-base u-btn-2" href="https://www.netzwerkdemenz-landkreisneunkirchen.de/fileadmin/user_upload/demenz_nk/News/Marte_Meo_Ottweiler_14.11.23.pdf" target="_blank">PowerPoint Präsentation "Marte Meo" zum Download</a>
        </p>
      </div>
    </section>
    <section class="u-align-left u-clearfix u-custom-color-115 u-section-4" id="2023AktivDemenz">
      <div class="u-clearfix u-sheet u-valign-middle-lg u-sheet-1">
        <h2 class="u-align-left u-text u-text-1">07. November 2023<br>Gegen Demenz lässt sich aktiv was tun
        </h2>
        <img decoding="async" class="u-border-2 u-border-custom-color-118 u-image u-image-contain u-image-round u-radius u-image-1" src="https://www.netzwerkdemenz-landkreisneunkirchen.de/wp-content/uploads/2025/02/SZGegenDemenzlsstsichaktivwastun-11.webp" alt="" data-image-width="601" data-image-height="850">
        <p class="u-align-left u-text u-text-2"> Am 19.10.2023 fand in der Stummschen Reithalle das Symposium „Diagnostik/Früherkennung, Prophylaxe, Neues aus der Forschung“ statt. Elke Jacobi von der Saarbrücker Zeitung hat hierzu einen Bericht verfasst.<br>Erschienen ist dieser am 24.10.2023 in der Saarbrücker Zeitung.<br>Wir danken ihr sehr, dass wir den Bericht veröffentlichen dürfen!&nbsp;
        </p>
        <a href="https://www.netzwerkdemenz-landkreisneunkirchen.de/?page_id=78" class="u-border-none u-btn u-btn-round u-button-style u-custom-color-105 u-radius u-btn-1">Z<span style="font-weight: 700;"></span>urück
        </a>
        <p class="u-align-center u-text u-text-custom-color-152 u-text-3">
          <a class="u-border-none u-btn u-button-link u-button-style u-file-link u-hover-none u-none u-text-custom-color-118 u-text-hover-palette-4-base u-btn-2" href="https://www.netzwerkdemenz-landkreisneunkirchen.de/fileadmin/user_upload/demenz_nk/News/SZ_-_24.10.2023.PDF" target="_blank">Artikel Saarbrücker Zeitung vom 24.10.2023</a>
        </p>
      </div>
    </section>
    <section class="u-align-left u-clearfix u-section-5" id="2023Demenzwegweiser">
      <div class="u-clearfix u-sheet u-valign-middle-xs u-sheet-1">
        <h2 class="u-align-left u-text u-text-1"> 15. März 2023<br>Demenzwegweiser für den Landkreis Neunkirchen
        </h2>
        <img decoding="async" class="u-border-2 u-border-custom-color-118 u-image u-image-contain u-image-round u-radius u-image-1" src="https://www.netzwerkdemenz-landkreisneunkirchen.de/wp-content/uploads/2025/02/Titelseite-3-1.webp" alt="" data-image-width="601" data-image-height="850">
        <p class="u-align-left u-text u-text-2"> In Deutschland leben rund 1,8 Millionen Menschen mit Demenz, im Landkreis Neunkirchen sind es nach Schätzungen ca. 3.200 Menschen. Viele von ihnen&nbsp;werden zuhause von ihren Angehörigen betreut.<br>Der Demenzverein im Landkreis Neunkirchen e. V.&nbsp;und das NetzwerkDemenz im Landkreis Neunkirchen&nbsp;haben in Zusammenarbeit mit den im Wegweiser aufgeführten Einrichtungen eine Broschüre erstellt, die Wissenswertes zum Thema Demenz&nbsp;sowie Beratungs-, Hilfs- und Unterstützungsangebote&nbsp;enthält. Der Demenzwegweiser leistet somit einen Beitrag Betroffene und ihre&nbsp;Angehörigen zu unterstützen und zu informieren und damit zu entlasten.
        </p>
        <p class="u-align-center u-text u-text-custom-color-154 u-text-3">
          <a class="u-border-none u-btn u-button-link u-button-style u-file-link u-hover-none u-none u-text-custom-color-118 u-text-hover-palette-4-base u-btn-1" href="https://www.netzwerkdemenz-landkreisneunkirchen.de/fileadmin/user_upload/demenz_nk/Netzwerk/PDF/Demenzwegweiser2023_webansicht.pdf" target="_blank">Demenzwegweiser 2023</a>
        </p>
        <a href="https://www.netzwerkdemenz-landkreisneunkirchen.de/?page_id=78" class="u-border-none u-btn u-btn-round u-button-style u-custom-color-105 u-radius u-btn-2">Z<span style="font-weight: 700;"></span>urück
        </a>
      </div>
    </section>
