{"id":787,"date":"2025-02-14T13:50:34","date_gmt":"2025-02-14T13:50:34","guid":{"rendered":"https:\/\/www.netzwerkdemenz-landkreisneunkirchen.de\/?page_id=787"},"modified":"2025-05-12T12:33:50","modified_gmt":"2025-05-12T12:33:50","slug":"2022-meldungen","status":"publish","type":"page","link":"https:\/\/www.netzwerkdemenz-landkreisneunkirchen.de\/?page_id=787","title":{"rendered":"2022 Meldungen"},"content":{"rendered":"\n    \n    <section class=\"u-clearfix u-custom-color-121 u-section-2\" id=\"sec-d734\">\n      <div class=\"u-clearfix u-sheet u-valign-middle u-sheet-1\">\n        <h2 class=\"u-align-left u-text u-text-default u-text-1\"> Unsere Nachrichten aus dem Jahr 2022<\/h2>\n      <\/div>\n    <\/section>\n    <section class=\"u-align-left u-clearfix u-lightbox u-white u-section-3\" id=\"2022Verbunden\">\n      <div class=\"u-clearfix u-sheet u-valign-middle-lg u-valign-middle-md u-valign-middle-sm u-valign-middle-xs u-sheet-1\">\n        <img decoding=\"async\" class=\"u-align-right u-border-2 u-border-custom-color-160 u-image u-image-round u-radius u-image-1\" src=\"https:\/\/www.netzwerkdemenz-landkreisneunkirchen.de\/wp-content\/uploads\/2025\/02\/csm_Infostand_Furpach_91301b93cb-1.webp\" alt=\"\" data-image-width=\"1134\" data-image-height=\"850\">\n        <h2 class=\"u-align-left u-text u-text-1\"> 05. Oktober 2022<br>Pressemitteilung des Demenzvereins im Landkreis Neunkirchen e. V. Demenzkampagne \"Verbunden bleiben\"\n        <\/h2>\n        <p class=\"u-align-left u-text u-text-body-color u-text-2\"> Im Rahmen der diesj\u00e4hrigen Demenzkampagne \"Demenz - verbunden bleiben\" hatte der Demenzverein im Landkreis Neunkirchen Infost\u00e4nde in Neunkirchen und Ottweiler aufgebaut, um Betroffenen und ihren Angeh\u00f6rigen die Gelegenheit zur Information vor Ort zu geben.<\/p>\n        <a href=\"https:\/\/www.netzwerkdemenz-landkreisneunkirchen.de\/?page_id=78\" class=\"u-border-none u-btn u-btn-round u-button-style u-custom-color-105 u-radius u-btn-1\">Z<span style=\"font-weight: 700;\"><\/span>ur\u00fcck\n        <\/a>\n      <\/div>\n    <\/section>\n    <section class=\"u-align-left u-clearfix u-custom-color-117 u-lightbox u-section-4\" id=\"2022Fit\">\n      <div class=\"u-clearfix u-sheet u-sheet-1\">\n        <h2 class=\"u-align-left u-text u-text-1\"> 26. September 2022<br> Fit im Alter \u2013 Mobil im Sozialraum (FAMoS)\n        <\/h2>\n        <img decoding=\"async\" class=\"u-border-2 u-border-custom-color-163 u-image u-image-contain u-image-round u-radius u-image-1\" src=\"https:\/\/www.netzwerkdemenz-landkreisneunkirchen.de\/wp-content\/uploads\/2025\/02\/FAMoS_Flyer-1.webp\" alt=\"\" data-image-width=\"1192\" data-image-height=\"850\">\n        <p class=\"u-align-left u-text u-text-2\"> In Kooperation mit der Leitstelle \u201e\u00c4lter werden\u201c im Landkreis Neunkirchen bietet der DRK-Landesverband Saarland e.V. ein neues Projekt an. Derzeit werden sog. ehrenamtliche Besucherinnen und Besucher gesucht, welche die Bewegungsanleitung f\u00fcr Seniorinnen und Senioren \u00fcbernehmen.<br>\n          <br>Genauere Informationen zu dem Projekt finden Sie in dem Flyer.\n        <\/p>\n        <a href=\"https:\/\/www.netzwerkdemenz-landkreisneunkirchen.de\/?page_id=78\" class=\"u-border-none u-btn u-btn-round u-button-style u-custom-color-105 u-radius u-btn-1\">Z<span style=\"font-weight: 700;\"><\/span>ur\u00fcck\n        <\/a>\n        <p class=\"u-align-center u-text u-text-custom-color-105 u-text-3\">\n          <a class=\"u-border-none u-btn u-button-link u-button-style u-file-link u-hover-none u-none u-text-custom-color-118 u-text-hover-palette-4-base u-btn-2\" href=\"https:\/\/www.netzwerkdemenz-landkreisneunkirchen.de\/fileadmin\/user_upload\/demenz_nk\/News\/famos_flyer_nk.pdf\" target=\"_blank\">FAMoS Flyer Neunkirchen zum Download<\/a>\n        <\/p>\n      <\/div>\n    <\/section>\n    <section class=\"u-align-left u-clearfix u-lightbox u-section-5\" id=\"2022MiteinanderLachen\">\n      <div class=\"u-clearfix u-sheet u-sheet-1\">\n        <h2 class=\"u-align-left u-text u-text-custom-color-118 u-text-1\"> 12. September 2022<br> Menschen zum Miteinander-Lachen gesucht\n        <\/h2>\n        <img decoding=\"async\" class=\"u-border-2 u-border-custom-color-118 u-image u-image-contain u-image-round u-radius u-image-1\" src=\"https:\/\/www.netzwerkdemenz-landkreisneunkirchen.de\/wp-content\/uploads\/2025\/02\/SZMenschenzumMiteinander-Lachengesucht-1.webp\" alt=\"\" data-image-width=\"601\" data-image-height=\"850\">\n        <p class=\"u-align-left u-text u-text-custom-color-118 u-text-2\"> Nebenstehend k\u00f6nnen Sie den Artikel zu den Demenzcaf\u00e9s im Landkreis Neunkirchen, den die SZ-Reporterin Elke Jacobi verfasst hat, \u00f6ffnen und lesen.<\/p>\n        <a href=\"https:\/\/www.netzwerkdemenz-landkreisneunkirchen.de\/?page_id=78\" class=\"u-border-none u-btn u-btn-round u-button-style u-custom-color-118 u-radius u-btn-1\">Z<span style=\"font-weight: 700;\"><\/span>ur\u00fcck\n        <\/a>\n        <p class=\"u-align-center u-text u-text-custom-color-118 u-text-3\">\n          <a class=\"u-border-none u-btn u-button-link u-button-style u-file-link u-hover-none u-none u-text-custom-color-118 u-text-hover-palette-4-base u-btn-2\" href=\"https:\/\/www.netzwerkdemenz-landkreisneunkirchen.de\/fileadmin\/user_upload\/demenz_nk\/Bilder_Presse\/Miteinander_lachen_Demenzcafes__1_.PDF\" target=\"_blank\">Artikel Saarbr\u00fccker Zeitung vom 06.09.2022<\/a>\n        <\/p>\n      <\/div>\n    <\/section>\n    <section class=\"u-align-left u-clearfix u-custom-color-115 u-section-6\" id=\"2022Seniorenhilfe\">\n      <div class=\"u-clearfix u-sheet u-sheet-1\">\n        <img decoding=\"async\" class=\"u-image u-image-contain u-image-round u-radius u-image-1\" src=\"https:\/\/www.netzwerkdemenz-landkreisneunkirchen.de\/wp-content\/uploads\/2025\/02\/logo-seniorenhilfe-scaled-1.webp\" alt=\"\" data-image-width=\"3832\" data-image-height=\"850\">\n        <h2 class=\"u-align-left u-text u-text-1\">16. Mai 2022<br>Expertise der Seniorenhilfe erleichtert die Orientierung\n        <\/h2>\n        <p class=\"u-align-left u-text u-text-2\"><u>Menschen mit Demenz ist Schwerpunktthema der Woche f\u00fcr das Leben<\/u>\n          <br>\n          <br>SAARLAND. In der \u201eWoche f\u00fcr das Leben\u201c der evangelischen und katholischen Kirchen in Deutschland geht es in diesem Jahr schwerpunktm\u00e4\u00dfig um die Situation von Menschen mit Demenz.<br>Die Begleitung und Betreuung von Menschen mit kognitiven Beeintr\u00e4chtigungen \u2013 wie beispielsweise Demenz \u2013 ist auch durch den demografischen Wandel in den letzten Jahren in den Fokus der pflegerischen Versorgung ger\u00fcckt. Der Anteil der betroffenen Menschen liegt inzwischen in der station\u00e4ren und teilstation\u00e4ren Pflege bei rund 70 bis 80 Prozent der Bewohnerinnen und Bewohner.<br>\n        <\/p>\n        <p class=\"u-align-left u-text u-text-3\"> Daraus ergeben sich vielf\u00e4ltige Herausforderungen, denen sich die Seniorenhilfe der Stiftung Kreuznacher Diakonie seit vielen Jahren stellt.<br>\n          <br>So ist die Seniorenhilfe von Beginn an auf politischer Ebene aktiv im Netzwerk Demenz des Saarlandes an Prozessen zur Versorgungsverbesserung beteiligt. Fort- und Weiterbildungen \u2013 unter anderem zur Fachkraft f\u00fcr Gerontopsychiatrie \u2013 werden seit Jahren durchgef\u00fchrt, neue Ans\u00e4tze und aktuelle wissenschaftliche Erkenntnisse konsequent auf ihre Umsetzbarkeit und Brauchbarkeit \u00fcberpr\u00fcft. Schulungen von Ehrenamtlichen, Angeh\u00f6rigen und Interessierten zum Thema sind zur Selbstverst\u00e4ndlichkeit geworden.<br>\n          <br>\u201eZunehmend nutzen wir auch die Chancen und M\u00f6glichkeiten, die die Technik zur Verbesserung der Lebenssituation und der Erhaltung der Autonomie bietet, in der Praxis. Dabei steht immer die Frage im Vordergrund, wie wir dem einzelnen Menschen die gr\u00f6\u00dftm\u00f6gliche Lebensqualit\u00e4t und Selbstbestimmung gew\u00e4hrleisten und gleichzeitig das Risiko der Selbstgef\u00e4hrdung m\u00f6glichst gering halten k\u00f6nnen\u201c, berichtet Monika Kolling, Leiterin des Gesch\u00e4ftsbereiches Seniorenhilfe. Gerade in einer neu gestalteten Einrichtung wie dem Wohnpark Katharina von Bora in Neunkirchen, die explizit auf Menschen mit kognitiven Beeintr\u00e4chtigungen ausgerichtet ist, seien die M\u00f6glichkeiten, die technische Unterst\u00fctzung bieten kann, unter diesem Aspekt gezielt ausgew\u00e4hlt und umgesetzt worden.<br>\n          <br>Monika Kolling weist darauf hin, dass die gesamte Expertise des Gesch\u00e4ftsbereiches in Bezug auf die gerontopsychiatrische Versorgung in den Wohnpark Katharina von Bora eingeflossen ist. Die M\u00f6glichkeiten, die die modernen und altersgerechten Assistenzsysteme bieten, wurden unter anderem auch unter ethischen Gesichtspunkten bewertet und gezielt f\u00fcr die neue Einrichtung ausgew\u00e4hlt. \u201eDabei haben wir darauf geachtet, dass die&nbsp;&nbsp;<br>eingesetzte Technik dazu beitr\u00e4gt, die Gesundheit und das Wohlbefinden der Bewohnerinnen und Bewohner zu stabilisieren, zu f\u00f6rdern und zu verbessern\u201c, so Kolling. Gleichzeitig sollen die Mitarbeitenden in ihrer T\u00e4tigkeit unterst\u00fctzt, Abl\u00e4ufe erleichtert, vereinfacht und verschlankt werden und ihre Gesundheit erhalten bleiben.<br>\n          <br>Die eingesetzte Technologie gew\u00e4hrleiste die Sicherheit der Seniorinnen und Senioren und f\u00f6rdere Kommunikation und Beziehungsgestaltung.<br>N\u00e4here Infos \u00fcber den Wohnpark Katharina von Bora und die anderen Einrichtungen der Seniorenhilfe der Stiftung Kreuznacher Diakonie im Saarland erhalten Sie unter<br>\n          <a href=\"http:\/\/www.kreuznacherdiakonie.de\/seniorenhilfe\/wohnen-im-alter\/saarland\/wohnpark-katharina-von-bora-neunkirchen\/\" class=\"u-border-none u-btn u-button-link u-button-style u-hover-none u-none u-text-custom-color-118 u-text-hover-palette-4-base u-btn-1\" target=\"_blank\">www.kreuznacherdiakonie.de\/seniorenhilfe\/wohnen-im-alter\/saarland\/wohnpark-katharina-von-bora-neunkirchen\/<\/a>\n        <\/p>\n        <a href=\"https:\/\/www.netzwerkdemenz-landkreisneunkirchen.de\/?page_id=78\" class=\"u-border-none u-btn u-btn-round u-button-style u-custom-color-105 u-radius u-btn-2\">Z<span style=\"font-weight: 700;\"><\/span>ur\u00fcck\n        <\/a>\n      <\/div>\n    <\/section>\n    <section class=\"u-align-left u-clearfix u-lightbox u-section-7\" id=\"2022AktivDemenz\">\n      <div class=\"u-clearfix u-sheet u-sheet-1\">\n        <img decoding=\"async\" class=\"u-align-right u-border-2 u-border-custom-color-118 u-image u-image-contain u-image-round u-radius u-image-1\" src=\"https:\/\/www.netzwerkdemenz-landkreisneunkirchen.de\/wp-content\/uploads\/2025\/02\/csm_2022-03-31_Vergissmeinnicht_CH_004db4033c-2.webp\" alt=\"\" data-image-width=\"1276\" data-image-height=\"850\">\n        <h2 class=\"u-align-left u-text u-text-custom-color-105 u-text-1\">06. April 2022<br>Gegen Demenz l\u00e4sst sich aktiv was tun\n        <\/h2>\n        <p class=\"u-align-left u-text u-text-custom-color-105 u-text-2\"> Auch in diesem Jahr haben sich unter dem Motto \"Demenz geht uns alle an\" auf Landesebene fast alle Kommunen in Kooperation mit der Landesfachstelle Demenz und dem Sozialministerium an der Vergiss-mein-nicht-Pflanzaktion beteiligt, so auch die Kreisstadt Neunkirchen.<br>An der Pflanzaktion im Innenhof des Rathauses nahm auch der Demenzverein im Landkreis Neunkirchen teil.<br>\n          <br>Das Bild zeigt von links: Volker Schwarz (Demenzverein Neunkirchen e.V.), Thomas Hans (1. Beigeordneter der Kreisstadt Neunkirchen), Andreas Sauder (Landesfachstelle Demenz) und Monika Jost (Leiterin des Seniorenb\u00fcros der Kreisstadt).\n        <\/p>\n        <a href=\"https:\/\/www.netzwerkdemenz-landkreisneunkirchen.de\/?page_id=78\" class=\"u-border-none u-btn u-btn-round u-button-style u-custom-color-105 u-radius u-btn-1\">Z<span style=\"font-weight: 700;\"><\/span>ur\u00fcck\n        <\/a>\n      <\/div>\n    <\/section>\n    \n    \n    \n    \n  \n","protected":false},"excerpt":{"rendered":"<p>Unsere Nachrichten aus dem Jahr 2022 05. Oktober 2022Pressemitteilung des Demenzvereins im Landkreis Neunkirchen e. V. Demenzkampagne &#8222;Verbunden bleiben&#8220; Im Rahmen der diesj\u00e4hrigen Demenzkampagne &#8222;Demenz &#8211; verbunden bleiben&#8220; hatte der &hellip; <a href=\"https:\/\/www.netzwerkdemenz-landkreisneunkirchen.de\/?page_id=787\" class=\"more-link\">Continue reading<span class=\"screen-reader-text\"> &#8222;2022 Meldungen&#8220;<\/span><\/a><\/p>\n","protected":false},"author":1,"featured_media":0,"parent":0,"menu_order":7,"comment_status":"closed","ping_status":"closed","template":"","meta":{"footnotes":""},"class_list":["post-787","page","type-page","status-publish","hentry"],"_links":{"self":[{"href":"https:\/\/www.netzwerkdemenz-landkreisneunkirchen.de\/index.php?rest_route=\/wp\/v2\/pages\/787","targetHints":{"allow":["GET"]}}],"collection":[{"href":"https:\/\/www.netzwerkdemenz-landkreisneunkirchen.de\/index.php?rest_route=\/wp\/v2\/pages"}],"about":[{"href":"https:\/\/www.netzwerkdemenz-landkreisneunkirchen.de\/index.php?rest_route=\/wp\/v2\/types\/page"}],"author":[{"embeddable":true,"href":"https:\/\/www.netzwerkdemenz-landkreisneunkirchen.de\/index.php?rest_route=\/wp\/v2\/users\/1"}],"replies":[{"embeddable":true,"href":"https:\/\/www.netzwerkdemenz-landkreisneunkirchen.de\/index.php?rest_route=%2Fwp%2Fv2%2Fcomments&post=787"}],"version-history":[{"count":6,"href":"https:\/\/www.netzwerkdemenz-landkreisneunkirchen.de\/index.php?rest_route=\/wp\/v2\/pages\/787\/revisions"}],"predecessor-version":[{"id":2272,"href":"https:\/\/www.netzwerkdemenz-landkreisneunkirchen.de\/index.php?rest_route=\/wp\/v2\/pages\/787\/revisions\/2272"}],"wp:attachment":[{"href":"https:\/\/www.netzwerkdemenz-landkreisneunkirchen.de\/index.php?rest_route=%2Fwp%2Fv2%2Fmedia&parent=787"}],"curies":[{"name":"wp","href":"https:\/\/api.w.org\/{rel}","templated":true}]}}

<section class="u-clearfix u-custom-color-121 u-section-2" id="sec-d734">
      <div class="u-clearfix u-sheet u-valign-middle u-sheet-1">
        <h2 class="u-align-left u-text u-text-default u-text-1"> Unsere Nachrichten aus dem Jahr 2022</h2>
      </div>
    </section>
    <section class="u-align-left u-clearfix u-lightbox u-white u-section-3" id="2022Verbunden">
      <div class="u-clearfix u-sheet u-valign-middle-lg u-valign-middle-md u-valign-middle-sm u-valign-middle-xs u-sheet-1">
        <img decoding="async" class="u-align-right u-border-2 u-border-custom-color-160 u-image u-image-round u-radius u-image-1" src="https://www.netzwerkdemenz-landkreisneunkirchen.de/wp-content/uploads/2025/02/csm_Infostand_Furpach_91301b93cb-1.webp" alt="" data-image-width="1134" data-image-height="850">
        <h2 class="u-align-left u-text u-text-1"> 05. Oktober 2022<br>Pressemitteilung des Demenzvereins im Landkreis Neunkirchen e. V. Demenzkampagne "Verbunden bleiben"
        </h2>
        <p class="u-align-left u-text u-text-body-color u-text-2"> Im Rahmen der diesjährigen Demenzkampagne "Demenz - verbunden bleiben" hatte der Demenzverein im Landkreis Neunkirchen Infostände in Neunkirchen und Ottweiler aufgebaut, um Betroffenen und ihren Angehörigen die Gelegenheit zur Information vor Ort zu geben.</p>
        <a href="https://www.netzwerkdemenz-landkreisneunkirchen.de/?page_id=78" class="u-border-none u-btn u-btn-round u-button-style u-custom-color-105 u-radius u-btn-1">Z<span style="font-weight: 700;"></span>urück
        </a>
      </div>
    </section>
    <section class="u-align-left u-clearfix u-custom-color-117 u-lightbox u-section-4" id="2022Fit">
      <div class="u-clearfix u-sheet u-sheet-1">
        <h2 class="u-align-left u-text u-text-1"> 26. September 2022<br> Fit im Alter – Mobil im Sozialraum (FAMoS)
        </h2>
        <img decoding="async" class="u-border-2 u-border-custom-color-163 u-image u-image-contain u-image-round u-radius u-image-1" src="https://www.netzwerkdemenz-landkreisneunkirchen.de/wp-content/uploads/2025/02/FAMoS_Flyer-1.webp" alt="" data-image-width="1192" data-image-height="850">
        <p class="u-align-left u-text u-text-2"> In Kooperation mit der Leitstelle „Älter werden“ im Landkreis Neunkirchen bietet der DRK-Landesverband Saarland e.V. ein neues Projekt an. Derzeit werden sog. ehrenamtliche Besucherinnen und Besucher gesucht, welche die Bewegungsanleitung für Seniorinnen und Senioren übernehmen.<br>
          <br>Genauere Informationen zu dem Projekt finden Sie in dem Flyer.
        </p>
        <a href="https://www.netzwerkdemenz-landkreisneunkirchen.de/?page_id=78" class="u-border-none u-btn u-btn-round u-button-style u-custom-color-105 u-radius u-btn-1">Z<span style="font-weight: 700;"></span>urück
        </a>
        <p class="u-align-center u-text u-text-custom-color-105 u-text-3">
          <a class="u-border-none u-btn u-button-link u-button-style u-file-link u-hover-none u-none u-text-custom-color-118 u-text-hover-palette-4-base u-btn-2" href="https://www.netzwerkdemenz-landkreisneunkirchen.de/fileadmin/user_upload/demenz_nk/News/famos_flyer_nk.pdf" target="_blank">FAMoS Flyer Neunkirchen zum Download</a>
        </p>
      </div>
    </section>
    <section class="u-align-left u-clearfix u-lightbox u-section-5" id="2022MiteinanderLachen">
      <div class="u-clearfix u-sheet u-sheet-1">
        <h2 class="u-align-left u-text u-text-custom-color-118 u-text-1"> 12. September 2022<br> Menschen zum Miteinander-Lachen gesucht
        </h2>
        <img decoding="async" class="u-border-2 u-border-custom-color-118 u-image u-image-contain u-image-round u-radius u-image-1" src="https://www.netzwerkdemenz-landkreisneunkirchen.de/wp-content/uploads/2025/02/SZMenschenzumMiteinander-Lachengesucht-1.webp" alt="" data-image-width="601" data-image-height="850">
        <p class="u-align-left u-text u-text-custom-color-118 u-text-2"> Nebenstehend können Sie den Artikel zu den Demenzcafés im Landkreis Neunkirchen, den die SZ-Reporterin Elke Jacobi verfasst hat, öffnen und lesen.</p>
        <a href="https://www.netzwerkdemenz-landkreisneunkirchen.de/?page_id=78" class="u-border-none u-btn u-btn-round u-button-style u-custom-color-118 u-radius u-btn-1">Z<span style="font-weight: 700;"></span>urück
        </a>
        <p class="u-align-center u-text u-text-custom-color-118 u-text-3">
          <a class="u-border-none u-btn u-button-link u-button-style u-file-link u-hover-none u-none u-text-custom-color-118 u-text-hover-palette-4-base u-btn-2" href="https://www.netzwerkdemenz-landkreisneunkirchen.de/fileadmin/user_upload/demenz_nk/Bilder_Presse/Miteinander_lachen_Demenzcafes__1_.PDF" target="_blank">Artikel Saarbrücker Zeitung vom 06.09.2022</a>
        </p>
      </div>
    </section>
    <section class="u-align-left u-clearfix u-custom-color-115 u-section-6" id="2022Seniorenhilfe">
      <div class="u-clearfix u-sheet u-sheet-1">
        <img decoding="async" class="u-image u-image-contain u-image-round u-radius u-image-1" src="https://www.netzwerkdemenz-landkreisneunkirchen.de/wp-content/uploads/2025/02/logo-seniorenhilfe-scaled-1.webp" alt="" data-image-width="3832" data-image-height="850">
        <h2 class="u-align-left u-text u-text-1">16. Mai 2022<br>Expertise der Seniorenhilfe erleichtert die Orientierung
        </h2>
        <p class="u-align-left u-text u-text-2"><u>Menschen mit Demenz ist Schwerpunktthema der Woche für das Leben</u>
          <br>
          <br>SAARLAND. In der „Woche für das Leben“ der evangelischen und katholischen Kirchen in Deutschland geht es in diesem Jahr schwerpunktmäßig um die Situation von Menschen mit Demenz.<br>Die Begleitung und Betreuung von Menschen mit kognitiven Beeinträchtigungen – wie beispielsweise Demenz – ist auch durch den demografischen Wandel in den letzten Jahren in den Fokus der pflegerischen Versorgung gerückt. Der Anteil der betroffenen Menschen liegt inzwischen in der stationären und teilstationären Pflege bei rund 70 bis 80 Prozent der Bewohnerinnen und Bewohner.<br>
        </p>
        <p class="u-align-left u-text u-text-3"> Daraus ergeben sich vielfältige Herausforderungen, denen sich die Seniorenhilfe der Stiftung Kreuznacher Diakonie seit vielen Jahren stellt.<br>
          <br>So ist die Seniorenhilfe von Beginn an auf politischer Ebene aktiv im Netzwerk Demenz des Saarlandes an Prozessen zur Versorgungsverbesserung beteiligt. Fort- und Weiterbildungen – unter anderem zur Fachkraft für Gerontopsychiatrie – werden seit Jahren durchgeführt, neue Ansätze und aktuelle wissenschaftliche Erkenntnisse konsequent auf ihre Umsetzbarkeit und Brauchbarkeit überprüft. Schulungen von Ehrenamtlichen, Angehörigen und Interessierten zum Thema sind zur Selbstverständlichkeit geworden.<br>
          <br>„Zunehmend nutzen wir auch die Chancen und Möglichkeiten, die die Technik zur Verbesserung der Lebenssituation und der Erhaltung der Autonomie bietet, in der Praxis. Dabei steht immer die Frage im Vordergrund, wie wir dem einzelnen Menschen die größtmögliche Lebensqualität und Selbstbestimmung gewährleisten und gleichzeitig das Risiko der Selbstgefährdung möglichst gering halten können“, berichtet Monika Kolling, Leiterin des Geschäftsbereiches Seniorenhilfe. Gerade in einer neu gestalteten Einrichtung wie dem Wohnpark Katharina von Bora in Neunkirchen, die explizit auf Menschen mit kognitiven Beeinträchtigungen ausgerichtet ist, seien die Möglichkeiten, die technische Unterstützung bieten kann, unter diesem Aspekt gezielt ausgewählt und umgesetzt worden.<br>
          <br>Monika Kolling weist darauf hin, dass die gesamte Expertise des Geschäftsbereiches in Bezug auf die gerontopsychiatrische Versorgung in den Wohnpark Katharina von Bora eingeflossen ist. Die Möglichkeiten, die die modernen und altersgerechten Assistenzsysteme bieten, wurden unter anderem auch unter ethischen Gesichtspunkten bewertet und gezielt für die neue Einrichtung ausgewählt. „Dabei haben wir darauf geachtet, dass die&nbsp;&nbsp;<br>eingesetzte Technik dazu beiträgt, die Gesundheit und das Wohlbefinden der Bewohnerinnen und Bewohner zu stabilisieren, zu fördern und zu verbessern“, so Kolling. Gleichzeitig sollen die Mitarbeitenden in ihrer Tätigkeit unterstützt, Abläufe erleichtert, vereinfacht und verschlankt werden und ihre Gesundheit erhalten bleiben.<br>
          <br>Die eingesetzte Technologie gewährleiste die Sicherheit der Seniorinnen und Senioren und fördere Kommunikation und Beziehungsgestaltung.<br>Nähere Infos über den Wohnpark Katharina von Bora und die anderen Einrichtungen der Seniorenhilfe der Stiftung Kreuznacher Diakonie im Saarland erhalten Sie unter<br>
          <a href="http://www.kreuznacherdiakonie.de/seniorenhilfe/wohnen-im-alter/saarland/wohnpark-katharina-von-bora-neunkirchen/" class="u-border-none u-btn u-button-link u-button-style u-hover-none u-none u-text-custom-color-118 u-text-hover-palette-4-base u-btn-1" target="_blank">www.kreuznacherdiakonie.de/seniorenhilfe/wohnen-im-alter/saarland/wohnpark-katharina-von-bora-neunkirchen/</a>
        </p>
        <a href="https://www.netzwerkdemenz-landkreisneunkirchen.de/?page_id=78" class="u-border-none u-btn u-btn-round u-button-style u-custom-color-105 u-radius u-btn-2">Z<span style="font-weight: 700;"></span>urück
        </a>
      </div>
    </section>
    <section class="u-align-left u-clearfix u-lightbox u-section-7" id="2022AktivDemenz">
      <div class="u-clearfix u-sheet u-sheet-1">
        <img decoding="async" class="u-align-right u-border-2 u-border-custom-color-118 u-image u-image-contain u-image-round u-radius u-image-1" src="https://www.netzwerkdemenz-landkreisneunkirchen.de/wp-content/uploads/2025/02/csm_2022-03-31_Vergissmeinnicht_CH_004db4033c-2.webp" alt="" data-image-width="1276" data-image-height="850">
        <h2 class="u-align-left u-text u-text-custom-color-105 u-text-1">06. April 2022<br>Gegen Demenz lässt sich aktiv was tun
        </h2>
        <p class="u-align-left u-text u-text-custom-color-105 u-text-2"> Auch in diesem Jahr haben sich unter dem Motto "Demenz geht uns alle an" auf Landesebene fast alle Kommunen in Kooperation mit der Landesfachstelle Demenz und dem Sozialministerium an der Vergiss-mein-nicht-Pflanzaktion beteiligt, so auch die Kreisstadt Neunkirchen.<br>An der Pflanzaktion im Innenhof des Rathauses nahm auch der Demenzverein im Landkreis Neunkirchen teil.<br>
          <br>Das Bild zeigt von links: Volker Schwarz (Demenzverein Neunkirchen e.V.), Thomas Hans (1. Beigeordneter der Kreisstadt Neunkirchen), Andreas Sauder (Landesfachstelle Demenz) und Monika Jost (Leiterin des Seniorenbüros der Kreisstadt).
        </p>
        <a href="https://www.netzwerkdemenz-landkreisneunkirchen.de/?page_id=78" class="u-border-none u-btn u-btn-round u-button-style u-custom-color-105 u-radius u-btn-1">Z<span style="font-weight: 700;"></span>urück
        </a>
      </div>
    </section>

<p>Unsere Nachrichten aus dem Jahr 2022 05. Oktober 2022Pressemitteilung des Demenzvereins im Landkreis Neunkirchen e. V. Demenzkampagne &#8222;Verbunden bleiben&#8220; Im Rahmen der diesjährigen Demenzkampagne &#8222;Demenz &#8211; verbunden bleiben&#8220; hatte der &hellip; <a href="https://www.netzwerkdemenz-landkreisneunkirchen.de/?page_id=787" class="more-link">Continue reading<span class="screen-reader-text"> &#8222;2022 Meldungen&#8220;</span></a></p>
