{"id":86,"date":"2025-02-06T09:42:16","date_gmt":"2025-02-06T09:42:16","guid":{"rendered":"https:\/\/www.netzwerkdemenz-landkreisneunkirchen.de\/?page_id=86"},"modified":"2025-06-11T07:44:19","modified_gmt":"2025-06-11T07:44:19","slug":"konkrete-projekte","status":"publish","type":"page","link":"https:\/\/www.netzwerkdemenz-landkreisneunkirchen.de\/?page_id=86","title":{"rendered":"Konkrete Projekte"},"content":{"rendered":"\n    \n    <section class=\"u-align-center u-clearfix u-container-align-center u-image u-section-2\" id=\"block-2\" data-image-width=\"4142\" data-image-height=\"850\" style=\"background-image: url(&quot;https:\/\/www.netzwerkdemenz-landkreisneunkirchen.de\/wp-content\/uploads\/2025\/02\/csm_haende500banner_351c0925dc-2-scaled.webp&quot;);\">\n      <div class=\"u-clearfix u-sheet u-sheet-1\"><\/div>\n    <\/section>\n    <section class=\"u-clearfix u-section-3\" id=\"sec-3321\">\n      <div class=\"u-clearfix u-sheet u-valign-middle-lg u-valign-middle-md u-valign-middle-sm u-valign-middle-xs u-sheet-1\">\n        <p class=\"u-hover-feature u-text u-text-custom-color-26 u-text-1\">\n          <a class=\"u-border-none u-btn u-button-link u-button-style u-hover-none u-none u-text-custom-color-26 u-text-hover-palette-4-base u-btn-1\" href=\"https:\/\/www.netzwerkdemenz-landkreisneunkirchen.de\/\">Netzwerk Demenz\/<\/a>Ehrenamt\/\u200b Konkrete Projekte\n        <\/p>\n      <\/div>\n      \n    <\/section>\n    <section class=\"u-align-left u-clearfix u-container-align-left u-white u-section-4\" id=\"sec-dbb1\">\n      <div class=\"u-clearfix u-sheet u-valign-middle u-sheet-1\">\n        <h2 class=\"u-align-left u-text u-text-1\"> Betreuungskraft in einem Demenzcaf\u00e9<\/h2>\n        <p class=\"u-align-left u-text u-text-body-color u-text-default u-text-2\"> Wenn Sie sich als Betreuungskraft in einem Demenzcaf\u00e9 ehrenamtlich engagieren m\u00f6chten, dann ist<br>dies aktuell an vier Standorten m\u00f6glich:\n        <\/p>\n        <ul class=\"u-align-left u-text u-text-default-lg u-text-default-md u-text-default-sm u-text-default-xl u-text-3\">\n          <li>\n            <span class=\"u-text-custom-color-57\"> Caf\u00e9 Segen in Schiffweiler (Tr\u00e4ger: Evangelische Kirchengemeinde Landsweiler-Schiffweiler)<\/span>\n          <\/li>\n          <li>\n            <span class=\"u-text-custom-color-57\"> Caf\u00e9 Vergissmeinnicht in Eppelborn (Tr\u00e4ger: DRK-KV Neunkirchen e. V.)<\/span>\n          <\/li>\n          <li>\n            <span class=\"u-text-custom-color-57\"><\/span>\n            <span class=\"u-text-custom-color-57\"> Demenzcaf\u00e9 \u201eHand in Hand\u201c H\u00fcttigweiler (Tr\u00e4ger: Caritasverband Schaumberg-Blies e.V.)<\/span>\n          <\/li>\n          <li>\n            <span class=\"u-text-custom-color-57\"> Demenzcaf\u00e9 \u201eHand in Hand\u201c Neunkirchen (Tr\u00e4ger: Caritasverband Schaumberg-Blies e.V.)<\/span>\n          <\/li>\n        <\/ul>\n        <p class=\"u-align-left u-text u-text-custom-color-57 u-text-4\"> Bevor Sie als ehrenamtliche Betreuungskraft eingesetzt werden, erhalten Sie in einem Kurs<br>Informationen \u00fcber das Krankheitsbild Demenz, seinen Verlauf und die sozialen Auswirkungen auf<br>Menschen mit Demenz und ihre Familienangeh\u00f6rigen.<br>\n          <br>N\u00e4here Informationen zu dem Kurs erhalten Sie bei:\n        <\/p>\n        <ul class=\"u-align-left u-text u-text-default-lg u-text-default-md u-text-default-sm u-text-default-xl u-text-5\">\n          <li>\n            <span class=\"u-text-custom-color-57\"><\/span>\n            <span class=\"u-text-custom-color-31\">\n              <a href=\"https:\/\/www.landkreis-neunkirchen.de\/familien-kinder-jugendliche-senioren\/leitstelle-aelter-werden\/uebersicht\" class=\"u-border-none u-btn u-button-link u-button-style u-hover-none u-none u-text-custom-color-58 u-text-hover-palette-4-base u-btn-1\" target=\"_blank\">der \"Leitstelle \"\u00c4lter werden\" des Landkreises Neunkirchen<\/a>\n            <\/span>\n          <\/li>\n          <li>\n            <span class=\"u-text-custom-color-57\"><\/span>\n            <a href=\"https:\/\/www.caritas-schaumberg-blies.de\/\" class=\"u-border-none u-btn u-button-link u-button-style u-hover-none u-none u-text-custom-color-58 u-text-hover-palette-4-base u-btn-2\" target=\"_blank\">beim&nbsp;Caritasverband Schaumberg-Blies e.V.<\/a>\n          <\/li>\n          <li>\n            <span class=\"u-text-custom-color-57\"><\/span>\n            <span class=\"u-text-custom-color-57\"><\/span>\n            <a href=\"https:\/\/www.netzwerkdemenz-landkreisneunkirchen.de\/?p=1274\" class=\"u-border-none u-btn u-button-link u-button-style u-hover-none u-none u-text-custom-color-58 u-text-hover-palette-4-base u-btn-3\">oder&nbsp;hier.<\/a>\n          <\/li>\n        <\/ul>\n      <\/div>\n    <\/section>\n    <section class=\"skrollable u-align-center u-clearfix u-container-align-center u-image u-parallax u-section-5\" id=\"block-3\" data-image-width=\"1511\" data-image-height=\"850\" style=\"background-image: url(&quot;https:\/\/www.netzwerkdemenz-landkreisneunkirchen.de\/wp-content\/uploads\/2025\/02\/csm_bergpanorama_8f92596d42-3.webp&quot;);\">\n      <div class=\"u-clearfix u-sheet u-sheet-1\"><\/div>\n    <\/section>\n    \n    \n    \n  \n","protected":false},"excerpt":{"rendered":"<p>Bevor Sie als ehrenamtliche Betreuungskraft eingesetzt werden, erhalten Sie in einem Kurs<br \/>Informationen \u00fcber das Krankheitsbild Demenz, seinen Verlauf und die sozialen Auswirkungen auf<br \/>Menschen mit Demenz und ihre Familienangeh\u00f6rigen.<br \/>N\u00e4here Informationen zu dem Kurs erhalten Sie bei:<\/p>\n","protected":false},"author":1,"featured_media":0,"parent":0,"menu_order":15,"comment_status":"closed","ping_status":"closed","template":"","meta":{"footnotes":""},"class_list":["post-86","page","type-page","status-publish","hentry"],"_links":{"self":[{"href":"https:\/\/www.netzwerkdemenz-landkreisneunkirchen.de\/index.php?rest_route=\/wp\/v2\/pages\/86","targetHints":{"allow":["GET"]}}],"collection":[{"href":"https:\/\/www.netzwerkdemenz-landkreisneunkirchen.de\/index.php?rest_route=\/wp\/v2\/pages"}],"about":[{"href":"https:\/\/www.netzwerkdemenz-landkreisneunkirchen.de\/index.php?rest_route=\/wp\/v2\/types\/page"}],"author":[{"embeddable":true,"href":"https:\/\/www.netzwerkdemenz-landkreisneunkirchen.de\/index.php?rest_route=\/wp\/v2\/users\/1"}],"replies":[{"embeddable":true,"href":"https:\/\/www.netzwerkdemenz-landkreisneunkirchen.de\/index.php?rest_route=%2Fwp%2Fv2%2Fcomments&post=86"}],"version-history":[{"count":11,"href":"https:\/\/www.netzwerkdemenz-landkreisneunkirchen.de\/index.php?rest_route=\/wp\/v2\/pages\/86\/revisions"}],"predecessor-version":[{"id":1088,"href":"https:\/\/www.netzwerkdemenz-landkreisneunkirchen.de\/index.php?rest_route=\/wp\/v2\/pages\/86\/revisions\/1088"}],"wp:attachment":[{"href":"https:\/\/www.netzwerkdemenz-landkreisneunkirchen.de\/index.php?rest_route=%2Fwp%2Fv2%2Fmedia&parent=86"}],"curies":[{"name":"wp","href":"https:\/\/api.w.org\/{rel}","templated":true}]}}