{"id":3297,"date":"2026-04-13T09:55:43","date_gmt":"2026-04-13T09:55:43","guid":{"rendered":"https:\/\/www.netzwerkdemenz-landkreisneunkirchen.de\/?post_type=tribe_events&#038;p=3297"},"modified":"2026-04-13T09:57:49","modified_gmt":"2026-04-13T09:57:49","slug":"gedankengang-in-eppelborn-naherholungsgebiet-wallenborn","status":"publish","type":"tribe_events","link":"https:\/\/www.netzwerkdemenz-landkreisneunkirchen.de\/?tribe_events=gedankengang-in-eppelborn-naherholungsgebiet-wallenborn","title":{"rendered":"Gedankengang in Eppelborn &#8211; Naherholungsgebiet Wallenborn"},"content":{"rendered":"<p>Am 28. August 2026 findet der zweite Gedankengang in der Gemeinde Eppelborn statt. Dieses Mal besuchen die Teilnehmenden gemeinsam das \u201eNaherholungsgebiet Wallenborn\u201c in Wiesbach.<\/p>\n<p>Unter anderem wird Anja Stuppi (Das Saarland lebt gesund \u2013 Landkreis Neunkirchen) den Spaziergang begleiten und diesen mit kleinen Achtsamkeits-, Ged\u00e4chtnis- und Bewegungs\u00fcbungen abwechslungsreich gestalten. Au\u00dferdem findet ein Besuch der kleinen Kapelle statt.<\/p>\n<p>Interessierte Menschen mit Demenz und ihre Begleitperson sind herzlich zu diesem Spaziergang eingeladen.<\/p>\n<p>Treffpunkt ist um 15:00 Uhr an der Fischerh\u00fctte (Landstuhlstra\u00dfe in 66571 Wiesbach).<\/p>\n<p>Im Anschluss an den Spaziergang besteht die M\u00f6glichkeit sich bei W\u00fcrstchen, Kaffee und Kuchen auszutauschen und gemeinsam Zeit zu verbringen. Der Abschluss findet in der Fischerh\u00fctte statt.<\/p>\n<p>Da die Anzahl der Teilnehmenden begrenzt ist, bitten wir um Anmeldung bis zum 25. August 2026 bei:<br \/>\nMarietta Schikofsky (Gemeinde Eppelborn): 06881 969128 oder <a href=\"mailto:schikofsky.marietta@eppelborn.de\">schikofsky.marietta@eppelborn.de<\/a><\/p>\n<p>An dem Gedankengang wirken mit: die Gemeinde Eppelborn, die H\u00e4usliche Krankenpflege Eppelborn, Das Saarland lebt gesund \u2013 Landkreis Neunkirchen und der Demenzverein im Landkreis Neunkirchen e.V..<\/p>\n","protected":false},"excerpt":{"rendered":"<p>Am 28. August 2026 findet der zweite Gedankengang in der Gemeinde Eppelborn statt. Dieses Mal besuchen die Teilnehmenden gemeinsam das \u201eNaherholungsgebiet Wallenborn\u201c in Wiesbach. Unter anderem wird Anja Stuppi (Das &hellip; <a href=\"https:\/\/www.netzwerkdemenz-landkreisneunkirchen.de\/?tribe_events=gedankengang-in-eppelborn-naherholungsgebiet-wallenborn\" class=\"more-link\">Continue reading<span class=\"screen-reader-text\"> &#8222;Gedankengang in Eppelborn &#8211; Naherholungsgebiet Wallenborn&#8220;<\/span><\/a><\/p>\n","protected":false},"author":3,"featured_media":0,"template":"","meta":{"_tribe_events_status":"","_tribe_events_status_reason":"","footnotes":""},"tags":[],"tribe_events_cat":[],"class_list":["post-3297","tribe_events","type-tribe_events","status-publish","hentry"],"_links":{"self":[{"href":"https:\/\/www.netzwerkdemenz-landkreisneunkirchen.de\/index.php?rest_route=\/wp\/v2\/tribe_events\/3297","targetHints":{"allow":["GET"]}}],"collection":[{"href":"https:\/\/www.netzwerkdemenz-landkreisneunkirchen.de\/index.php?rest_route=\/wp\/v2\/tribe_events"}],"about":[{"href":"https:\/\/www.netzwerkdemenz-landkreisneunkirchen.de\/index.php?rest_route=\/wp\/v2\/types\/tribe_events"}],"author":[{"embeddable":true,"href":"https:\/\/www.netzwerkdemenz-landkreisneunkirchen.de\/index.php?rest_route=\/wp\/v2\/users\/3"}],"version-history":[{"count":3,"href":"https:\/\/www.netzwerkdemenz-landkreisneunkirchen.de\/index.php?rest_route=\/wp\/v2\/tribe_events\/3297\/revisions"}],"predecessor-version":[{"id":3300,"href":"https:\/\/www.netzwerkdemenz-landkreisneunkirchen.de\/index.php?rest_route=\/wp\/v2\/tribe_events\/3297\/revisions\/3300"}],"wp:attachment":[{"href":"https:\/\/www.netzwerkdemenz-landkreisneunkirchen.de\/index.php?rest_route=%2Fwp%2Fv2%2Fmedia&parent=3297"}],"wp:term":[{"taxonomy":"post_tag","embeddable":true,"href":"https:\/\/www.netzwerkdemenz-landkreisneunkirchen.de\/index.php?rest_route=%2Fwp%2Fv2%2Ftags&post=3297"},{"taxonomy":"tribe_events_cat","embeddable":true,"href":"https:\/\/www.netzwerkdemenz-landkreisneunkirchen.de\/index.php?rest_route=%2Fwp%2Fv2%2Ftribe_events_cat&post=3297"}],"curies":[{"name":"wp","href":"https:\/\/api.w.org\/{rel}","templated":true}]}}

<p>Am 28. August 2026 findet der zweite Gedankengang in der Gemeinde Eppelborn statt. Dieses Mal besuchen die Teilnehmenden gemeinsam das „Naherholungsgebiet Wallenborn“ in Wiesbach.</p>
<p>Unter anderem wird Anja Stuppi (Das Saarland lebt gesund – Landkreis Neunkirchen) den Spaziergang begleiten und diesen mit kleinen Achtsamkeits-, Gedächtnis- und Bewegungsübungen abwechslungsreich gestalten. Außerdem findet ein Besuch der kleinen Kapelle statt.</p>
<p>Interessierte Menschen mit Demenz und ihre Begleitperson sind herzlich zu diesem Spaziergang eingeladen.</p>
<p>Treffpunkt ist um 15:00 Uhr an der Fischerhütte (Landstuhlstraße in 66571 Wiesbach).</p>
<p>Im Anschluss an den Spaziergang besteht die Möglichkeit sich bei Würstchen, Kaffee und Kuchen auszutauschen und gemeinsam Zeit zu verbringen. Der Abschluss findet in der Fischerhütte statt.</p>
<p>Da die Anzahl der Teilnehmenden begrenzt ist, bitten wir um Anmeldung bis zum 25. August 2026 bei:<br />
Marietta Schikofsky (Gemeinde Eppelborn): 06881 969128 oder <a href="mailto:schikofsky.marietta@eppelborn.de">schikofsky.marietta@eppelborn.de</a></p>
<p>An dem Gedankengang wirken mit: die Gemeinde Eppelborn, die Häusliche Krankenpflege Eppelborn, Das Saarland lebt gesund – Landkreis Neunkirchen und der Demenzverein im Landkreis Neunkirchen e.V..</p>
